Last updated on 2025-04-28 18:50:02 CEST.
Flavor | Version | Tinstall | Tcheck | Ttotal | Status | Flags |
---|---|---|---|---|---|---|
r-devel-linux-x86_64-debian-clang | 1.0.3 | 4.96 | 70.92 | 75.88 | OK | |
r-devel-linux-x86_64-debian-gcc | 1.0.3 | 3.10 | 58.58 | 61.68 | NOTE | |
r-devel-linux-x86_64-fedora-clang | 1.0.3 | 130.74 | OK | |||
r-devel-linux-x86_64-fedora-gcc | 1.0.3 | 141.36 | OK | |||
r-devel-windows-x86_64 | 1.0.3 | 7.00 | 136.00 | 143.00 | OK | |
r-patched-linux-x86_64 | 1.0.3 | 5.79 | 74.19 | 79.98 | OK | |
r-release-linux-x86_64 | 1.0.3 | 5.60 | 74.89 | 80.49 | OK | |
r-release-macos-arm64 | 1.0.3 | 53.00 | OK | |||
r-release-macos-x86_64 | 1.0.3 | 106.00 | OK | |||
r-release-windows-x86_64 | 1.0.3 | 7.00 | 126.00 | 133.00 | OK | |
r-oldrel-macos-arm64 | 1.0.3 | 48.00 | OK | |||
r-oldrel-macos-x86_64 | 1.0.3 | 80.00 | OK | |||
r-oldrel-windows-x86_64 | 1.0.3 | 9.00 | 144.00 | 153.00 | OK |
Version: 1.0.3
Check: CRAN incoming feasibility
Result: NOTE
Maintainer: ‘Adrian Timpson <a.timpson@ucl.ac.uk>’
Package has help file(s) containing later-stage \Sexpr{} expressions
but no 'build/stage23.rdb' file.
Package CITATION file contains call(s) to old-style personList() or
as.personList(). Please use c() on person objects instead.
Package CITATION file contains call(s) to old-style citEntry(). Please
use bibentry() instead.
Flavor: r-devel-linux-x86_64-debian-gcc