CRAN Package Check Results for Package ATNr

Last updated on 2025-04-28 18:50:03 CEST.

Flavor Version Tinstall Tcheck Ttotal Status Flags
r-devel-linux-x86_64-debian-clang 1.1.0 86.79 95.67 182.46 OK
r-devel-linux-x86_64-debian-gcc 1.1.0 62.71 92.90 155.61 OK
r-devel-linux-x86_64-fedora-clang 1.1.0 322.80 NOTE
r-devel-linux-x86_64-fedora-gcc 1.1.1 458.50 NOTE
r-devel-windows-x86_64 1.1.0 94.00 184.00 278.00 OK
r-patched-linux-x86_64 1.1.0 87.05 128.27 215.32 OK
r-release-linux-x86_64 1.1.0 87.19 126.88 214.07 OK
r-release-macos-arm64 1.1.1 86.00 OK
r-release-macos-x86_64 1.1.1 151.00 OK
r-release-windows-x86_64 1.1.0 90.00 232.00 322.00 OK
r-oldrel-macos-arm64 1.1.1 105.00 NOTE
r-oldrel-macos-x86_64 1.1.1 148.00 NOTE
r-oldrel-windows-x86_64 1.1.0 111.00 209.00 320.00 OK

Check Details

Version: 1.1.0
Check: dependencies in R code
Result: NOTE Namespace in Imports field not imported from: ‘R.rsp’ All declared Imports should be used. Flavor: r-devel-linux-x86_64-fedora-clang

Version: 1.1.1
Check: dependencies in R code
Result: NOTE Namespace in Imports field not imported from: ‘R.rsp’ All declared Imports should be used. Flavor: r-devel-linux-x86_64-fedora-gcc

Version: 1.1.1
Check: installed package size
Result: NOTE installed size is 10.7Mb sub-directories of 1Mb or more: libs 9.9Mb Flavors: r-oldrel-macos-arm64, r-oldrel-macos-x86_64