Last updated on 2025-07-05 07:49:20 CEST.
Flavor | Version | Tinstall | Tcheck | Ttotal | Status | Flags |
---|---|---|---|---|---|---|
r-devel-linux-x86_64-debian-clang | 1.1.1 | 82.13 | 95.90 | 178.03 | OK | |
r-devel-linux-x86_64-debian-gcc | 1.1.1 | 64.22 | 86.39 | 150.61 | OK | |
r-devel-linux-x86_64-fedora-clang | 1.1.1 | 321.30 | NOTE | |||
r-devel-linux-x86_64-fedora-gcc | 1.1.1 | 382.15 | NOTE | |||
r-devel-windows-x86_64 | 1.1.1 | 90.00 | 191.00 | 281.00 | OK | |
r-patched-linux-x86_64 | 1.1.1 | 90.87 | 139.80 | 230.67 | OK | |
r-release-linux-x86_64 | 1.1.1 | 88.44 | 116.16 | 204.60 | OK | |
r-release-macos-arm64 | 1.1.1 | 86.00 | OK | |||
r-release-macos-x86_64 | 1.1.1 | 151.00 | OK | |||
r-release-windows-x86_64 | 1.1.1 | 92.00 | 215.00 | 307.00 | OK | |
r-oldrel-macos-arm64 | 1.1.1 | 105.00 | NOTE | |||
r-oldrel-macos-x86_64 | 1.1.1 | 148.00 | NOTE | |||
r-oldrel-windows-x86_64 | 1.1.1 | 113.00 | 225.00 | 338.00 | OK |
Version: 1.1.1
Check: dependencies in R code
Result: NOTE
Namespace in Imports field not imported from: ‘R.rsp’
All declared Imports should be used.
Flavors: r-devel-linux-x86_64-fedora-clang, r-devel-linux-x86_64-fedora-gcc
Version: 1.1.1
Check: installed package size
Result: NOTE
installed size is 10.7Mb
sub-directories of 1Mb or more:
libs 9.9Mb
Flavors: r-oldrel-macos-arm64, r-oldrel-macos-x86_64