CRAN Package Check Results for Package AWR.Kinesis

Last updated on 2025-07-04 07:49:22 CEST.

Flavor Version Tinstall Tcheck Ttotal Status Flags
r-devel-linux-x86_64-debian-clang 1.7.6 3.24 32.43 35.67 NOTE
r-devel-linux-x86_64-debian-gcc 1.7.6 2.51 24.96 27.47 NOTE
r-devel-linux-x86_64-fedora-clang 1.7.6 54.68 OK
r-devel-linux-x86_64-fedora-gcc 1.7.6 51.69 OK
r-devel-windows-x86_64 1.7.6 5.00 48.00 53.00 OK --no-examples --no-tests --no-vignettes
r-patched-linux-x86_64 1.7.6 3.50 29.69 33.19 OK
r-release-linux-x86_64 1.7.6 3.07 29.92 32.99 OK
r-release-macos-arm64 1.7.6 24.00 OK
r-release-macos-x86_64 1.7.6 47.00 OK
r-release-windows-x86_64 1.7.6 6.00 60.00 66.00 OK --no-examples --no-tests --no-vignettes
r-oldrel-macos-arm64 1.7.6 22.00 OK
r-oldrel-macos-x86_64 1.7.6 31.00 OK
r-oldrel-windows-x86_64 1.7.6 6.00 42.00 48.00 OK --no-examples --no-tests --no-vignettes

Check Details

Version: 1.7.6
Check: CRAN incoming feasibility
Result: NOTE Maintainer: ‘Gergely Daroczi <daroczig@rapporter.net>’ No Authors@R field in DESCRIPTION. Please add one, modifying Authors@R: person(given = "Gergely", family = "Daroczi", role = c("aut", "cre"), email = "daroczig@rapporter.net") as necessary. Flavors: r-devel-linux-x86_64-debian-clang, r-devel-linux-x86_64-debian-gcc