Last updated on 2025-04-28 18:50:03 CEST.
Flavor | Version | Tinstall | Tcheck | Ttotal | Status | Flags |
---|---|---|---|---|---|---|
r-devel-linux-x86_64-debian-clang | 0.2.1 | 1.44 | 15.63 | 17.07 | OK | |
r-devel-linux-x86_64-debian-gcc | 0.2.1 | 1.20 | 13.23 | 14.43 | NOTE | |
r-devel-linux-x86_64-fedora-clang | 0.2.1 | 27.26 | OK | |||
r-devel-linux-x86_64-fedora-gcc | 0.2.1 | 27.42 | OK | |||
r-devel-windows-x86_64 | 0.2.1 | 3.00 | 34.00 | 37.00 | OK | |
r-patched-linux-x86_64 | 0.2.1 | 1.59 | 15.33 | 16.92 | OK | |
r-release-linux-x86_64 | 0.2.1 | 1.57 | 15.22 | 16.79 | OK | |
r-release-macos-arm64 | 0.2.1 | 14.00 | OK | |||
r-release-macos-x86_64 | 0.2.1 | 30.00 | OK | |||
r-release-windows-x86_64 | 0.2.1 | 2.00 | 34.00 | 36.00 | OK | |
r-oldrel-macos-arm64 | 0.2.1 | 18.00 | OK | |||
r-oldrel-macos-x86_64 | 0.2.1 | 22.00 | OK | |||
r-oldrel-windows-x86_64 | 0.2.1 | 3.00 | 33.00 | 36.00 | OK |
Version: 0.2.1
Check: CRAN incoming feasibility
Result: NOTE
Maintainer: ‘Dr. Sandip Garai <sandipnicksandy@gmail.com>’
No Authors@R field in DESCRIPTION.
Please add one, modifying
Authors@R: person(given = c("Dr.", "Sandip"),
family = "Garai",
role = c("aut", "cre"),
email = "sandipnicksandy@gmail.com")
as necessary.
Flavor: r-devel-linux-x86_64-debian-gcc