CRAN Package Check Results for Package AntibodyForests

Last updated on 2025-07-04 19:50:14 CEST.

Flavor Version Tinstall Tcheck Ttotal Status Flags
r-devel-linux-x86_64-debian-clang 1.0.0 12.49 121.23 133.72 NOTE
r-devel-linux-x86_64-debian-gcc 1.0.0 8.16 81.78 89.94 NOTE
r-devel-linux-x86_64-fedora-clang 1.0.0 212.46 NOTE
r-devel-linux-x86_64-fedora-gcc 1.0.0 215.48 NOTE
r-devel-windows-x86_64 1.0.0 13.00 122.00 135.00 NOTE
r-patched-linux-x86_64 1.0.0 13.04 113.65 126.69 NOTE
r-release-linux-x86_64 1.0.0 11.54 112.46 124.00 NOTE
r-release-macos-arm64 1.0.0 63.00 NOTE
r-release-macos-x86_64 1.0.0 123.00 NOTE
r-release-windows-x86_64 1.0.0 16.00 127.00 143.00 NOTE
r-oldrel-macos-arm64 1.0.0 74.00 OK
r-oldrel-macos-x86_64 1.0.0 11.00 ERROR
r-oldrel-windows-x86_64 1.0.0 18.00 160.00 178.00 OK

Check Details

Version: 1.0.0
Check: DESCRIPTION meta-information
Result: NOTE Missing dependency on R >= 4.1.0 because package code uses the pipe |> or function shorthand \(...) syntax added in R 4.1.0. File(s) using such syntax: ‘Af_edge_RMSD.R’ ‘VDJ_3d_properties.R’ Flavors: r-devel-linux-x86_64-debian-clang, r-devel-linux-x86_64-debian-gcc, r-devel-linux-x86_64-fedora-clang, r-devel-linux-x86_64-fedora-gcc, r-devel-windows-x86_64, r-patched-linux-x86_64, r-release-linux-x86_64, r-release-macos-arm64, r-release-macos-x86_64, r-release-windows-x86_64

Version: 1.0.0
Check: package dependencies
Result: ERROR Package required but not available: ‘pwalign’ See section ‘The DESCRIPTION file’ in the ‘Writing R Extensions’ manual. Flavor: r-oldrel-macos-x86_64