CRAN Package Check Results for Package ArArRedux

Last updated on 2025-07-04 19:50:14 CEST.

Flavor Version Tinstall Tcheck Ttotal Status Flags
r-devel-linux-x86_64-debian-clang 1.0 3.86 43.35 47.21 NOTE
r-devel-linux-x86_64-debian-gcc 1.0 2.70 32.02 34.72 NOTE
r-devel-linux-x86_64-fedora-clang 1.0 71.88 NOTE
r-devel-linux-x86_64-fedora-gcc 1.0 71.27 NOTE
r-devel-windows-x86_64 1.0 6.00 70.00 76.00 NOTE
r-patched-linux-x86_64 1.0 4.38 43.98 48.36 NOTE
r-release-linux-x86_64 1.0 3.47 44.04 47.51 NOTE
r-release-macos-arm64 1.0 30.00 NOTE
r-release-macos-x86_64 1.0 52.00 NOTE
r-release-windows-x86_64 1.0 4.00 72.00 76.00 NOTE
r-oldrel-macos-arm64 1.0 29.00 NOTE
r-oldrel-macos-x86_64 1.0 44.00 NOTE
r-oldrel-windows-x86_64 1.0 6.00 66.00 72.00 NOTE

Check Details

Version: 1.0
Check: Rd files
Result: NOTE checkRd: (-1) getages.Rd:11: Lost braces; missing escapes or markup? 11 | containing the amalgamated $^{40}$Ar$^*$/$^{39}$Ar$_K$-ratios and | ^ checkRd: (-1) getages.Rd:11: Lost braces; missing escapes or markup? 11 | containing the amalgamated $^{40}$Ar$^*$/$^{39}$Ar$_K$-ratios and | ^ Flavors: r-devel-linux-x86_64-debian-clang, r-devel-linux-x86_64-debian-gcc, r-devel-linux-x86_64-fedora-clang, r-devel-linux-x86_64-fedora-gcc, r-devel-windows-x86_64, r-patched-linux-x86_64, r-release-linux-x86_64, r-release-macos-arm64, r-release-macos-x86_64, r-release-windows-x86_64, r-oldrel-macos-arm64, r-oldrel-macos-x86_64, r-oldrel-windows-x86_64