Last updated on 2025-04-28 18:50:03 CEST.
Flavor | Version | Tinstall | Tcheck | Ttotal | Status | Flags |
---|---|---|---|---|---|---|
r-devel-linux-x86_64-debian-clang | 1.0.4 | 11.13 | 75.01 | 86.14 | OK | |
r-devel-linux-x86_64-debian-gcc | 1.0.4 | 7.81 | 56.10 | 63.91 | NOTE | |
r-devel-linux-x86_64-fedora-clang | 1.0.4 | 137.11 | NOTE | |||
r-devel-linux-x86_64-fedora-gcc | 1.0.4 | 419.69 | NOTE | |||
r-devel-windows-x86_64 | 1.0.4 | 12.00 | 96.00 | 108.00 | OK | |
r-patched-linux-x86_64 | 1.0.4 | 10.58 | 74.32 | 84.90 | OK | |
r-release-linux-x86_64 | 1.0.4 | 10.93 | 73.75 | 84.68 | OK | |
r-release-macos-arm64 | 1.0.4 | 147.00 | OK | |||
r-release-macos-x86_64 | 1.0.4 | 210.00 | OK | |||
r-release-windows-x86_64 | 1.0.4 | 13.00 | 95.00 | 108.00 | OK | |
r-oldrel-macos-arm64 | 1.0.4 | 95.00 | OK | |||
r-oldrel-macos-x86_64 | 1.0.4 | 167.00 | OK | |||
r-oldrel-windows-x86_64 | 1.0.4 | 16.00 | 115.00 | 131.00 | OK |
Version: 1.0.4
Check: CRAN incoming feasibility
Result: NOTE
Maintainer: ‘Maximilian Nagl <maximilian.nagl@ur.de>’
No Authors@R field in DESCRIPTION.
Please add one, modifying
Authors@R: c(person(given = "Maximilian",
family = "Nagl",
role = c("aut", "cre"),
email = "maximilian.nagl@ur.de"),
person(given = "Yevhen",
family = "Havrylenko",
role = "aut"),
person(given = "Marius",
family = "Pfeuffer",
role = "aut"),
person(given = "Kevin",
family = "Jakob",
role = "aut"),
person(given = "Matthias",
family = "Fischer",
role = "aut"),
person(given = "Daniel",
family = "Roesch",
role = "aut"))
as necessary.
Flavor: r-devel-linux-x86_64-debian-gcc
Version: 1.0.4
Check: dependencies in R code
Result: NOTE
Namespace in Imports field not imported from: ‘knitr’
All declared Imports should be used.
Flavors: r-devel-linux-x86_64-fedora-clang, r-devel-linux-x86_64-fedora-gcc