Last updated on 2025-04-28 18:50:03 CEST.
Flavor | Version | Tinstall | Tcheck | Ttotal | Status | Flags |
---|---|---|---|---|---|---|
r-devel-linux-x86_64-debian-clang | 1.0-1 | 11.73 | 81.74 | 93.47 | NOTE | |
r-devel-linux-x86_64-debian-gcc | 1.0-1 | 7.57 | 59.13 | 66.70 | NOTE | |
r-devel-linux-x86_64-fedora-clang | 1.0-1 | 151.87 | OK | |||
r-devel-linux-x86_64-fedora-gcc | 1.0-1 | 150.91 | OK | |||
r-devel-windows-x86_64 | 1.0-1 | 12.00 | 89.00 | 101.00 | NOTE | |
r-patched-linux-x86_64 | 1.0-1 | 11.39 | 77.87 | 89.26 | NOTE | |
r-release-linux-x86_64 | 1.0-1 | 9.42 | 79.30 | 88.72 | NOTE | |
r-release-macos-arm64 | 1.0-1 | 47.00 | OK | |||
r-release-macos-x86_64 | 1.0-1 | 89.00 | OK | |||
r-release-windows-x86_64 | 1.0-1 | 13.00 | 88.00 | 101.00 | NOTE | |
r-oldrel-macos-arm64 | 1.0-1 | 39.00 | OK | |||
r-oldrel-macos-x86_64 | 1.0-1 | 63.00 | OK | |||
r-oldrel-windows-x86_64 | 1.0-1 | 16.00 | 110.00 | 126.00 | OK |
Version: 1.0-1
Check: Rd cross-references
Result: NOTE
Found the following Rd file(s) with Rd \link{} targets missing package
anchors:
nmax3.Rd: pmvnorm
Please provide package anchors for all Rd \link{} targets not in the
package itself and the base packages.
Flavors: r-devel-linux-x86_64-debian-clang, r-devel-linux-x86_64-debian-gcc, r-devel-windows-x86_64, r-patched-linux-x86_64, r-release-linux-x86_64, r-release-windows-x86_64
Version: 1.0-1
Check: CRAN incoming feasibility
Result: NOTE
Maintainer: ‘Lin Wang <wanglin2009@amss.ac.cn>’
No Authors@R field in DESCRIPTION.
Please add one, modifying
Authors@R: c(person(given = "Lin",
family = "Wang",
role = c("aut", "cre"),
email = "wanglin2009@amss.ac.cn"),
person(given = "Wei",
family = "Zhang",
role = "aut"),
person(given = "Qizhai",
family = "Li",
role = "aut"),
person(given = "Weicheng",
family = "Zhu",
role = "ctb"))
as necessary.
Flavor: r-devel-linux-x86_64-debian-gcc