Last updated on 2025-04-28 18:50:04 CEST.
Flavor | Version | Tinstall | Tcheck | Ttotal | Status | Flags |
---|---|---|---|---|---|---|
r-devel-linux-x86_64-debian-clang | 2.0 | 8.07 | 39.59 | 47.66 | OK | |
r-devel-linux-x86_64-debian-gcc | 2.0 | 4.74 | 28.74 | 33.48 | NOTE | |
r-devel-linux-x86_64-fedora-clang | 2.0 | 76.01 | OK | |||
r-devel-linux-x86_64-fedora-gcc | 2.0 | 76.55 | OK | |||
r-devel-windows-x86_64 | 2.0 | 8.00 | 57.00 | 65.00 | OK | |
r-patched-linux-x86_64 | 2.0 | 6.95 | 38.90 | 45.85 | OK | |
r-release-linux-x86_64 | 2.0 | 6.72 | 38.76 | 45.48 | OK | |
r-release-macos-arm64 | 2.0 | 25.00 | OK | |||
r-release-macos-x86_64 | 2.0 | 43.00 | OK | |||
r-release-windows-x86_64 | 2.0 | 7.00 | 58.00 | 65.00 | OK | |
r-oldrel-macos-arm64 | 2.0 | 27.00 | OK | |||
r-oldrel-macos-x86_64 | 2.0 | 34.00 | OK | |||
r-oldrel-windows-x86_64 | 2.0 | 7.00 | 66.00 | 73.00 | OK |
Version: 2.0
Check: CRAN incoming feasibility
Result: NOTE
Maintainer: ‘David Alejandro Martell Juarez <alex91599@gmail.com>’
No Authors@R field in DESCRIPTION.
Please add one, modifying
Authors@R: c(person(family = "Martell-Juarez",
role = "aut"),
person(given = c("D.A.", "&"),
family = "Nieto-Barajas",
role = "aut"),
person(family = "L.E.",
role = "aut"),
person(given = c("David", "Alejandro", "Martell"),
family = "Juarez",
role = "cre",
email = "alex91599@gmail.com"))
as necessary.
Flavor: r-devel-linux-x86_64-debian-gcc