Last updated on 2025-07-04 07:49:22 CEST.
Flavor | Version | Tinstall | Tcheck | Ttotal | Status | Flags |
---|---|---|---|---|---|---|
r-devel-linux-x86_64-debian-clang | 1.1.3 | 78.93 | 257.12 | 336.05 | OK | |
r-devel-linux-x86_64-debian-gcc | 1.1.3 | 56.19 | 175.41 | 231.60 | OK | |
r-devel-linux-x86_64-fedora-clang | 1.1.3 | 563.78 | OK | |||
r-devel-linux-x86_64-fedora-gcc | 1.1.3 | 611.79 | OK | |||
r-devel-windows-x86_64 | 1.1.3 | 74.00 | 269.00 | 343.00 | OK | |
r-patched-linux-x86_64 | 1.1.3 | 80.76 | 253.06 | 333.82 | OK | |
r-release-linux-x86_64 | 1.1.2 | 81.48 | 249.35 | 330.83 | NOTE | |
r-release-macos-arm64 | 1.1.2 | 204.00 | NOTE | |||
r-release-macos-x86_64 | 1.1.3 | 345.00 | OK | |||
r-release-windows-x86_64 | 1.1.3 | 73.00 | 272.00 | 345.00 | OK | |
r-oldrel-macos-arm64 | 1.1.2 | 188.00 | NOTE | |||
r-oldrel-macos-x86_64 | 1.1.3 | 306.00 | NOTE | |||
r-oldrel-windows-x86_64 | 1.1.3 | 92.00 | 347.00 | 439.00 | OK |
Version: 1.1.2
Check: C++ specification
Result: NOTE
Specified C++11: please drop specification unless essential
Flavors: r-release-linux-x86_64, r-release-macos-arm64, r-oldrel-macos-arm64
Version: 1.1.2
Check: Rd files
Result: NOTE
checkRd: (-1) VARXFit.Rd:21: Lost braces in \itemize; \value handles \item{}{} directly
checkRd: (-1) VARXFit.Rd:22: Lost braces in \itemize; \value handles \item{}{} directly
checkRd: (-1) VARXFit.Rd:23: Lost braces in \itemize; \value handles \item{}{} directly
checkRd: (-1) VARXFit.Rd:24: Lost braces in \itemize; \value handles \item{}{} directly
checkRd: (-1) VARXFit.Rd:25: Lost braces in \itemize; \value handles \item{}{} directly
checkRd: (-1) VARXFit.Rd:26: Lost braces in \itemize; \value handles \item{}{} directly
checkRd: (-1) VARXLagCons.Rd:25: Lost braces in \itemize; \value handles \item{}{} directly
checkRd: (-1) VARXLagCons.Rd:26: Lost braces in \itemize; \value handles \item{}{} directly
Flavors: r-release-linux-x86_64, r-release-macos-arm64, r-oldrel-macos-arm64
Version: 1.1.2
Check: installed package size
Result: NOTE
installed size is 19.2Mb
sub-directories of 1Mb or more:
doc 1.1Mb
libs 17.6Mb
Flavor: r-oldrel-macos-arm64
Version: 1.1.3
Check: installed package size
Result: NOTE
installed size is 19.3Mb
sub-directories of 1Mb or more:
doc 1.0Mb
libs 17.7Mb
Flavor: r-oldrel-macos-x86_64