Last updated on 2025-04-28 18:50:04 CEST.
Flavor | Version | Tinstall | Tcheck | Ttotal | Status | Flags |
---|---|---|---|---|---|---|
r-devel-linux-x86_64-debian-clang | 1.3.1 | 7.86 | 37.21 | 45.07 | NOTE | |
r-devel-linux-x86_64-debian-gcc | 1.3.1 | 5.39 | 29.21 | 34.60 | NOTE | |
r-devel-linux-x86_64-fedora-clang | 1.3.1 | 71.22 | NOTE | |||
r-devel-linux-x86_64-fedora-gcc | 1.3.1 | 87.70 | NOTE | |||
r-devel-windows-x86_64 | 1.3.1 | 11.00 | 76.00 | 87.00 | NOTE | |
r-patched-linux-x86_64 | 1.3.1 | 7.68 | 35.90 | 43.58 | NOTE | |
r-release-linux-x86_64 | 1.3.1 | 7.00 | 36.54 | 43.54 | NOTE | |
r-release-macos-arm64 | 1.3.1 | 35.00 | NOTE | |||
r-release-macos-x86_64 | 1.3.1 | 94.00 | NOTE | |||
r-release-windows-x86_64 | 1.3.1 | 14.00 | 78.00 | 92.00 | NOTE | |
r-oldrel-macos-arm64 | 1.3.1 | 37.00 | OK | |||
r-oldrel-macos-x86_64 | 1.3.1 | 46.00 | OK | |||
r-oldrel-windows-x86_64 | 1.3.1 | 11.00 | 76.00 | 87.00 | OK |
Version: 1.3.1
Check: compiled code
Result: NOTE
File ‘Binarize/libs/Binarize.so’:
Found non-API call to R: ‘SET_TYPEOF’
Compiled code should not call non-API entry points in R.
See ‘Writing portable packages’ in the ‘Writing R Extensions’ manual,
and section ‘Moving into C API compliance’ for issues with the use of
non-API entry points.
Flavors: r-devel-linux-x86_64-debian-clang, r-devel-linux-x86_64-debian-gcc, r-devel-linux-x86_64-fedora-clang, r-devel-linux-x86_64-fedora-gcc, r-patched-linux-x86_64, r-release-linux-x86_64, r-release-macos-arm64, r-release-macos-x86_64
Version: 1.3.1
Check: CRAN incoming feasibility
Result: NOTE
Maintainer: ‘Hans Kestler <hans.kestler@uni-ulm.de>’
No Authors@R field in DESCRIPTION.
Please add one, modifying
Authors@R: c(person(given = "Stefan",
family = "Mundus",
role = "aut"),
person(given = "Christoph",
family = "Müssel",
role = "aut"),
person(given = "Florian",
family = "Schmid",
role = "aut"),
person(given = "Ludwig",
family = "Lausser",
role = "aut"),
person(given = c("Tamara", "J."),
family = "Blätte",
role = "aut"),
person(given = "Martin",
family = "Hopfensitz",
role = "aut"),
person(given = c("Hans", "A."),
family = "Kestler",
role = "aut"),
person(given = "Hans",
family = "Kestler",
role = "cre",
email = "hans.kestler@uni-ulm.de"))
as necessary.
Flavor: r-devel-linux-x86_64-debian-gcc
Version: 1.3.1
Check: compiled code
Result: NOTE
File 'Binarize/libs/x64/Binarize.dll':
Found non-API call to R: 'SET_TYPEOF'
Compiled code should not call non-API entry points in R.
See 'Writing portable packages' in the 'Writing R Extensions' manual,
and section 'Moving into C API compliance' for issues with the use of
non-API entry points.
Flavors: r-devel-windows-x86_64, r-release-windows-x86_64