Last updated on 2025-04-29 06:49:37 CEST.
Flavor | Version | Tinstall | Tcheck | Ttotal | Status | Flags |
---|---|---|---|---|---|---|
r-devel-linux-x86_64-debian-clang | 1.1.1 | 46.17 | 337.09 | 383.26 | OK | |
r-devel-linux-x86_64-debian-gcc | 1.1.1 | 35.20 | 253.10 | 288.30 | OK | |
r-devel-linux-x86_64-fedora-clang | 1.1.1 | 654.92 | WARN | |||
r-devel-linux-x86_64-fedora-gcc | 1.1.1 | 609.22 | WARN | |||
r-devel-windows-x86_64 | 1.1.1 | 49.00 | 288.00 | 337.00 | OK | |
r-patched-linux-x86_64 | 1.1.1 | 45.19 | 329.92 | 375.11 | OK | |
r-release-linux-x86_64 | 1.1.1 | 43.24 | 324.83 | 368.07 | OK | |
r-release-macos-arm64 | 1.1.1 | 164.00 | OK | |||
r-release-macos-x86_64 | 1.1.1 | 210.00 | OK | |||
r-release-windows-x86_64 | 1.1.1 | 52.00 | 287.00 | 339.00 | OK | |
r-oldrel-macos-arm64 | 1.1.1 | 120.00 | OK | |||
r-oldrel-macos-x86_64 | 1.1.1 | 231.00 | OK | |||
r-oldrel-windows-x86_64 | 1.1.1 | 72.00 | 390.00 | 462.00 | OK |
Version: 1.1.1
Check: package dependencies
Result: WARN
Requires orphaned package: ‘jiebaR’
Flavors: r-devel-linux-x86_64-fedora-clang, r-devel-linux-x86_64-fedora-gcc