Last updated on 2025-04-28 18:50:04 CEST.
Flavor | Version | Tinstall | Tcheck | Ttotal | Status | Flags |
---|---|---|---|---|---|---|
r-devel-linux-x86_64-debian-clang | 0.2.2 | 1.81 | 20.73 | 22.54 | OK | |
r-devel-linux-x86_64-debian-gcc | 0.2.2 | 1.40 | 16.85 | 18.25 | NOTE | |
r-devel-linux-x86_64-fedora-clang | 0.2.2 | 38.98 | OK | |||
r-devel-linux-x86_64-fedora-gcc | 0.2.2 | 35.96 | OK | |||
r-devel-windows-x86_64 | 0.2.2 | 4.00 | 43.00 | 47.00 | OK | |
r-patched-linux-x86_64 | 0.2.2 | 1.90 | 20.25 | 22.15 | OK | |
r-release-linux-x86_64 | 0.2.2 | 1.39 | 20.10 | 21.49 | OK | |
r-release-macos-arm64 | 0.2.2 | 16.00 | OK | |||
r-release-macos-x86_64 | 0.2.2 | 29.00 | OK | |||
r-release-windows-x86_64 | 0.2.2 | 3.00 | 45.00 | 48.00 | OK | |
r-oldrel-macos-arm64 | 0.2.2 | 19.00 | OK | |||
r-oldrel-macos-x86_64 | 0.2.2 | 22.00 | OK | |||
r-oldrel-windows-x86_64 | 0.2.2 | 4.00 | 45.00 | 49.00 | OK |
Version: 0.2.2
Check: CRAN incoming feasibility
Result: NOTE
Maintainer: ‘Carine Legrand <c.legrand@dkfz.de>’
No Authors@R field in DESCRIPTION.
Please add one, modifying
Authors@R: c(person(given = "C",
family = "Legrand",
role = "aut"),
person(given = "Carine",
family = "Legrand",
role = "cre",
email = "c.legrand@dkfz.de"))
as necessary.
Package CITATION file contains call(s) to old-style personList() or
as.personList(). Please use c() on person objects instead.
Package CITATION file contains call(s) to old-style citEntry(). Please
use bibentry() instead.
Flavor: r-devel-linux-x86_64-debian-gcc