Last updated on 2025-04-28 18:50:05 CEST.
Flavor | Version | Tinstall | Tcheck | Ttotal | Status | Flags |
---|---|---|---|---|---|---|
r-devel-linux-x86_64-debian-clang | 1.3 | 9.48 | 66.65 | 76.13 | OK | |
r-devel-linux-x86_64-debian-gcc | 1.3 | 6.83 | 50.65 | 57.48 | NOTE | |
r-devel-linux-x86_64-fedora-clang | 1.3 | 116.69 | OK | |||
r-devel-linux-x86_64-fedora-gcc | 1.3 | 123.41 | OK | |||
r-devel-windows-x86_64 | 1.3 | 10.00 | 77.00 | 87.00 | OK | |
r-patched-linux-x86_64 | 1.3 | 8.20 | 64.05 | 72.25 | OK | |
r-release-linux-x86_64 | 1.3 | 7.85 | 64.51 | 72.36 | OK | |
r-release-macos-arm64 | 1.3 | 39.00 | OK | |||
r-release-macos-x86_64 | 1.3 | 61.00 | OK | |||
r-release-windows-x86_64 | 1.3 | 12.00 | 77.00 | 89.00 | OK | |
r-oldrel-macos-arm64 | 1.3 | 38.00 | OK | |||
r-oldrel-macos-x86_64 | 1.3 | 55.00 | OK | |||
r-oldrel-windows-x86_64 | 1.3 | 12.00 | 96.00 | 108.00 | OK |
Version: 1.3
Check: CRAN incoming feasibility
Result: NOTE
Maintainer: ‘Benoit Liquet <b.liquet@uq.edu.au>’
No Authors@R field in DESCRIPTION.
Please add one, modifying
Authors@R: c(person(given = "Tim",
family = "Benham",
role = "aut"),
person(given = "Qibin",
family = "Duan",
role = "aut"),
person(given = c("Dirk", "P."),
family = "Kroese",
role = "aut"),
person(given = "Benoit",
family = "Liquet",
role = c("aut", "cre"),
email = "b.liquet@uq.edu.au"))
as necessary.
Flavor: r-devel-linux-x86_64-debian-gcc