Last updated on 2025-04-29 06:49:38 CEST.
Flavor | Version | Tinstall | Tcheck | Ttotal | Status | Flags |
---|---|---|---|---|---|---|
r-devel-linux-x86_64-debian-clang | 1.3 | 2.36 | 27.39 | 29.75 | OK | |
r-devel-linux-x86_64-debian-gcc | 1.3 | 1.70 | 20.83 | 22.53 | NOTE | |
r-devel-linux-x86_64-fedora-clang | 1.3 | 47.34 | NOTE | |||
r-devel-linux-x86_64-fedora-gcc | 1.3 | 47.93 | NOTE | |||
r-devel-windows-x86_64 | 1.3 | 3.00 | 54.00 | 57.00 | OK | |
r-patched-linux-x86_64 | 1.3 | 2.23 | 26.92 | 29.15 | OK | |
r-release-linux-x86_64 | 1.3 | 2.27 | 26.48 | 28.75 | OK | |
r-release-macos-arm64 | 1.3 | 22.00 | OK | |||
r-release-macos-x86_64 | 1.3 | 34.00 | OK | |||
r-release-windows-x86_64 | 1.3 | 4.00 | 58.00 | 62.00 | OK | |
r-oldrel-macos-arm64 | 1.3 | 18.00 | OK | |||
r-oldrel-macos-x86_64 | 1.3 | 27.00 | OK | |||
r-oldrel-windows-x86_64 | 1.3 | 4.00 | 56.00 | 60.00 | OK |
Version: 1.3
Check: CRAN incoming feasibility
Result: NOTE
Maintainer: ‘Juris Meija <juris.meija@nrc-cnrc.gc.ca>’
No Authors@R field in DESCRIPTION.
Please add one, modifying
Authors@R: c(person(given = "Juris",
family = "Meija",
role = c("aut", "cre"),
email = "juris.meija@nrc-cnrc.gc.ca"),
person(given = "Antonio",
family = "Possolo",
role = "aut"))
as necessary.
Found the following URLs which should use \doi (with the DOI name only):
File ‘abundances2ratios.Rd’:
http://dx.doi.org/10.1088/0026-1394/45/4/012
https://doi.org/10.1088/1681-7575/aa634d
File ‘at.weight.Rd’:
http://dx.doi.org/10.1088/0026-1394/45/1/008
https://doi.org/10.1088/1681-7575/aa634d
File ‘ciaaw.mass.2012.Rd’:
https://doi.org/10.1088/1674-1137/41/3/030003
File ‘ciaaw.mass.2016.Rd’:
https://doi.org/10.1088/1674-1137/41/3/030003
File ‘mmm.Rd’:
http://dx.doi.org/10.1002/sim.6789
https://doi.org/10.1088/1681-7575/aa634d
File ‘normalize.ratios.Rd’:
http://dx.doi.org/10.1088/0026-1394/45/1/008
https://doi.org/10.1088/1681-7575/aa634d
Flavor: r-devel-linux-x86_64-debian-gcc
Version: 1.3
Check: dependencies in R code
Result: NOTE
Namespaces in Imports field not imported from:
‘Matrix’ ‘stringr’
All declared Imports should be used.
Flavors: r-devel-linux-x86_64-fedora-clang, r-devel-linux-x86_64-fedora-gcc