Last updated on 2025-04-28 18:50:05 CEST.
Flavor | Version | Tinstall | Tcheck | Ttotal | Status | Flags |
---|---|---|---|---|---|---|
r-devel-linux-x86_64-debian-clang | 0.0.4 | 1.74 | 19.60 | 21.34 | OK | |
r-devel-linux-x86_64-debian-gcc | 0.0.4 | 1.39 | 15.95 | 17.34 | NOTE | |
r-devel-linux-x86_64-fedora-clang | 0.0.4 | 33.34 | OK | |||
r-devel-linux-x86_64-fedora-gcc | 0.0.4 | 34.65 | OK | |||
r-devel-windows-x86_64 | 0.0.4 | 3.00 | 39.00 | 42.00 | OK | |
r-patched-linux-x86_64 | 0.0.4 | 1.88 | 18.67 | 20.55 | OK | |
r-release-linux-x86_64 | 0.0.4 | 1.80 | 18.76 | 20.56 | OK | |
r-release-macos-arm64 | 0.0.4 | 16.00 | OK | |||
r-release-macos-x86_64 | 0.0.4 | 28.00 | OK | |||
r-release-windows-x86_64 | 0.0.4 | 3.00 | 41.00 | 44.00 | OK | |
r-oldrel-macos-arm64 | 0.0.4 | 20.00 | OK | |||
r-oldrel-macos-x86_64 | 0.0.4 | 24.00 | OK | |||
r-oldrel-windows-x86_64 | 0.0.4 | 3.00 | 41.00 | 44.00 | OK |
Version: 0.0.4
Check: CRAN incoming feasibility
Result: NOTE
Maintainer: ‘Minghui Wang <m.h.wang@live.com>’
No Authors@R field in DESCRIPTION.
Please add one, modifying
Authors@R: c(person(given = "Minghui",
family = "Wang",
role = c("aut", "cre"),
email = "m.h.wang@live.com"),
person(given = "Yiyuan",
family = "Liu",
role = "aut"),
person(given = "Shizhong",
family = "Han",
role = "aut"))
as necessary.
Flavor: r-devel-linux-x86_64-debian-gcc