CRAN Package Check Results for Package COUNT

Last updated on 2025-04-28 18:50:06 CEST.

Flavor Version Tinstall Tcheck Ttotal Status Flags
r-devel-linux-x86_64-debian-clang 1.3.4 2.74 44.46 47.20 NOTE
r-devel-linux-x86_64-debian-gcc 1.3.4 2.16 35.01 37.17 NOTE
r-devel-linux-x86_64-fedora-clang 1.3.4 75.70 NOTE
r-devel-linux-x86_64-fedora-gcc 1.3.5 79.87 OK
r-devel-windows-x86_64 1.3.4 5.00 83.00 88.00 NOTE
r-patched-linux-x86_64 1.3.4 3.85 43.93 47.78 NOTE
r-release-linux-x86_64 1.3.4 2.87 43.51 46.38 NOTE
r-release-macos-arm64 1.3.5 28.00 OK
r-release-macos-x86_64 1.3.5 47.00 OK
r-release-windows-x86_64 1.3.4 5.00 83.00 88.00 NOTE
r-oldrel-macos-arm64 1.3.5 32.00 OK
r-oldrel-macos-x86_64 1.3.5 54.00 OK
r-oldrel-windows-x86_64 1.3.4 5.00 91.00 96.00 NOTE

Check Details

Version: 1.3.4
Check: Rd files
Result: NOTE checkRd: (-1) fasttrakg.Rd:18: Lost braces 18 | \item{\code{killip}}{Killip level of cardiac event severity (1-4)age75}{1= Age>75; 0=Age<=75} | ^ Flavors: r-devel-linux-x86_64-debian-clang, r-devel-linux-x86_64-debian-gcc, r-devel-linux-x86_64-fedora-clang, r-devel-windows-x86_64, r-patched-linux-x86_64, r-release-linux-x86_64, r-release-windows-x86_64, r-oldrel-windows-x86_64

Version: 1.3.4
Check: Rd cross-references
Result: NOTE Found the following Rd file(s) with Rd \link{} targets missing package anchors: ml.nb1.Rd: glm.nb ml.nb2.Rd: glm.nb ml.nbc.Rd: glm.nb ml.pois.Rd: glm.nb modelfit.Rd: glm.nb Please provide package anchors for all Rd \link{} targets not in the package itself and the base packages. Flavors: r-devel-linux-x86_64-debian-clang, r-devel-linux-x86_64-debian-gcc, r-devel-windows-x86_64, r-patched-linux-x86_64, r-release-linux-x86_64, r-release-windows-x86_64

Version: 1.3.4
Check: CRAN incoming feasibility
Result: NOTE Maintainer: ‘Andrew Robinson <apro@unimelb.edu.au>’ No Authors@R field in DESCRIPTION. Please add one, modifying Authors@R: c(person(given = c("Joseph", "M"), family = "Hilbe", role = "aut", email = "hilbe@asu.edu"), person(given = "Andrew", family = "Robinson", role = "cre", email = "apro@unimelb.edu.au")) as necessary. Flavor: r-devel-linux-x86_64-debian-gcc