Last updated on 2025-04-28 18:50:06 CEST.
Flavor | Version | Tinstall | Tcheck | Ttotal | Status | Flags |
---|---|---|---|---|---|---|
r-devel-linux-x86_64-debian-clang | 1.2 | 4.28 | 30.04 | 34.32 | OK | |
r-devel-linux-x86_64-debian-gcc | 1.2 | 3.06 | 23.08 | 26.14 | NOTE | |
r-devel-linux-x86_64-fedora-clang | 1.2 | 54.12 | OK | |||
r-devel-linux-x86_64-fedora-gcc | 1.2 | 54.53 | OK | |||
r-devel-windows-x86_64 | 1.2 | 5.00 | 48.00 | 53.00 | OK | |
r-patched-linux-x86_64 | 1.2 | 4.30 | 28.97 | 33.27 | OK | |
r-release-linux-x86_64 | 1.2 | 3.15 | 29.04 | 32.19 | OK | |
r-release-macos-arm64 | 1.2 | 20.00 | OK | |||
r-release-macos-x86_64 | 1.2 | 37.00 | OK | |||
r-release-windows-x86_64 | 1.2 | 6.00 | 48.00 | 54.00 | OK | |
r-oldrel-macos-arm64 | 1.2 | 18.00 | OK | |||
r-oldrel-macos-x86_64 | 1.2 | 36.00 | OK | |||
r-oldrel-windows-x86_64 | 1.2 | 6.00 | 54.00 | 60.00 | OK |
Version: 1.2
Check: CRAN incoming feasibility
Result: NOTE
Maintainer: ‘Jeremie Riou <jeremie.riou@univ-angers.fr>’
No Authors@R field in DESCRIPTION.
Please add one, modifying
Authors@R: c(person(given = "Jeremie",
family = "Riou",
role = c("aut", "cre"),
email = "jeremie.riou@univ-angers.fr"),
person(given = "Benoit",
family = "Liquet",
role = "aut"))
as necessary.
Flavor: r-devel-linux-x86_64-debian-gcc