Last updated on 2025-04-29 18:50:38 CEST.
Flavor | Version | Tinstall | Tcheck | Ttotal | Status | Flags |
---|---|---|---|---|---|---|
r-devel-linux-x86_64-debian-clang | 3.3.5 | 6.22 | 87.62 | 93.84 | NOTE | |
r-devel-linux-x86_64-debian-gcc | 3.3.5 | 5.17 | 61.42 | 66.59 | OK | |
r-devel-linux-x86_64-fedora-clang | 3.3.5 | 163.54 | OK | |||
r-devel-linux-x86_64-fedora-gcc | 3.3.5 | 166.31 | OK | |||
r-devel-windows-x86_64 | 3.3.5 | 7.00 | 112.00 | 119.00 | OK | |
r-patched-linux-x86_64 | 3.3.5 | 7.40 | 79.44 | 86.84 | OK | |
r-release-linux-x86_64 | 3.3.5 | 6.43 | 80.35 | 86.78 | OK | |
r-release-macos-arm64 | 3.3.5 | 54.00 | OK | |||
r-release-macos-x86_64 | 3.3.5 | 121.00 | OK | |||
r-release-windows-x86_64 | 3.3.5 | 8.00 | 115.00 | 123.00 | OK | |
r-oldrel-macos-arm64 | 3.3.5 | 72.00 | OK | |||
r-oldrel-macos-x86_64 | 3.3.5 | 151.00 | OK | |||
r-oldrel-windows-x86_64 | 3.3.5 | 8.00 | 125.00 | 133.00 | OK |
Version: 3.3.5
Check: examples
Result: NOTE
Examples with CPU (user + system) or elapsed time > 5s
user system elapsed
cc04-0-Dudoit-class 5.255 0.005 6.39
Flavor: r-devel-linux-x86_64-debian-clang