CRAN Package Check Results for Package ClussCluster

Last updated on 2025-04-29 06:49:38 CEST.

Flavor Version Tinstall Tcheck Ttotal Status Flags
r-devel-linux-x86_64-debian-clang 0.1.0 4.79 57.40 62.19 OK
r-devel-linux-x86_64-debian-gcc 0.1.0 4.73 45.47 50.20 OK
r-devel-linux-x86_64-fedora-clang 0.1.0 102.49 NOTE
r-devel-linux-x86_64-fedora-gcc 0.1.0 114.87 NOTE
r-devel-windows-x86_64 0.1.0 7.00 76.00 83.00 OK
r-patched-linux-x86_64 0.1.0 5.82 59.51 65.33 OK
r-release-linux-x86_64 0.1.0 4.87 59.78 64.65 OK
r-release-macos-arm64 0.1.0 50.00 OK
r-release-macos-x86_64 0.1.0 78.00 OK
r-release-windows-x86_64 0.1.0 7.00 76.00 83.00 OK
r-oldrel-macos-arm64 0.1.0 37.00 OK
r-oldrel-macos-x86_64 0.1.0 62.00 OK
r-oldrel-windows-x86_64 0.1.0 11.00 91.00 102.00 OK

Check Details

Version: 0.1.0
Check: dependencies in R code
Result: NOTE Namespace in Imports field not imported from: ‘utils’ All declared Imports should be used. Flavors: r-devel-linux-x86_64-fedora-clang, r-devel-linux-x86_64-fedora-gcc