Last updated on 2025-07-04 07:49:24 CEST.
Flavor | Version | Tinstall | Tcheck | Ttotal | Status | Flags |
---|---|---|---|---|---|---|
r-devel-linux-x86_64-debian-clang | 1.1.0 | 52.27 | 254.94 | 307.21 | OK | |
r-devel-linux-x86_64-debian-gcc | 1.1.0 | 35.37 | 189.91 | 225.28 | OK | |
r-devel-linux-x86_64-fedora-clang | 1.1.0 | 502.27 | OK | |||
r-devel-linux-x86_64-fedora-gcc | 1.1.0 | 493.01 | OK | |||
r-devel-windows-x86_64 | 1.1.0 | 56.00 | 266.00 | 322.00 | OK | |
r-patched-linux-x86_64 | 1.1.0 | 53.46 | 242.76 | 296.22 | OK | |
r-release-linux-x86_64 | 1.1.0 | 49.40 | 240.89 | 290.29 | OK | |
r-release-macos-arm64 | 1.1.0 | 134.00 | OK | |||
r-release-macos-x86_64 | 1.1.0 | 253.00 | OK | |||
r-release-windows-x86_64 | 1.1.0 | 56.00 | 267.00 | 323.00 | OK | |
r-oldrel-macos-arm64 | 1.1.0 | 140.00 | NOTE | |||
r-oldrel-macos-x86_64 | 1.1.0 | 247.00 | NOTE | |||
r-oldrel-windows-x86_64 | 1.1.0 | 73.00 | 346.00 | 419.00 | NOTE |
Version: 1.1.0
Check: package dependencies
Result: NOTE
Packages suggested but not available for checking:
'monocle3', 'SharedObject'
Flavors: r-oldrel-macos-arm64, r-oldrel-macos-x86_64
Version: 1.1.0
Check: package dependencies
Result: NOTE
Package suggested but not available for checking: 'monocle3'
Flavor: r-oldrel-windows-x86_64