Last updated on 2025-07-04 19:50:16 CEST.
Flavor | Version | Tinstall | Tcheck | Ttotal | Status | Flags |
---|---|---|---|---|---|---|
r-devel-linux-x86_64-debian-clang | 1.3.3 | 6.87 | 61.26 | 68.13 | NOTE | |
r-devel-linux-x86_64-debian-gcc | 1.3.3 | 4.96 | 45.54 | 50.50 | NOTE | |
r-devel-linux-x86_64-fedora-clang | 1.3.3 | 105.61 | OK | |||
r-devel-linux-x86_64-fedora-gcc | 1.3.3 | 113.26 | OK | |||
r-devel-windows-x86_64 | 1.3.3 | 11.00 | 81.00 | 92.00 | OK | |
r-patched-linux-x86_64 | 1.3.3 | 8.73 | 56.41 | 65.14 | OK | |
r-release-linux-x86_64 | 1.3.3 | 7.41 | 56.67 | 64.08 | OK | |
r-release-macos-arm64 | 1.3.3 | 43.00 | OK | |||
r-release-macos-x86_64 | 1.3.3 | 71.00 | OK | |||
r-release-windows-x86_64 | 1.3.3 | 11.00 | 80.00 | 91.00 | OK | |
r-oldrel-macos-arm64 | 1.3.3 | 35.00 | OK | |||
r-oldrel-macos-x86_64 | 1.3.3 | 55.00 | OK | |||
r-oldrel-windows-x86_64 | 1.3.3 | 12.00 | 98.00 | 110.00 | OK |
Version: 1.3.3
Check: CRAN incoming feasibility
Result: NOTE
Maintainer: ‘Michał Krassowski <krassowski.michal+r@gmail.com>’
Package CITATION file contains call(s) to old-style citEntry(). Please
use bibentry() instead.
Flavors: r-devel-linux-x86_64-debian-clang, r-devel-linux-x86_64-debian-gcc