Last updated on 2025-04-29 06:49:40 CEST.
Flavor | Version | Tinstall | Tcheck | Ttotal | Status | Flags |
---|---|---|---|---|---|---|
r-devel-linux-x86_64-debian-clang | 2.3 | 5.59 | 99.20 | 104.79 | OK | |
r-devel-linux-x86_64-debian-gcc | 2.3 | 3.77 | 59.18 | 62.95 | NOTE | |
r-devel-linux-x86_64-fedora-clang | 2.3 | 165.24 | OK | |||
r-devel-linux-x86_64-fedora-gcc | 2.3 | 156.09 | OK | |||
r-devel-windows-x86_64 | 2.3 | 6.00 | 98.00 | 104.00 | OK | |
r-patched-linux-x86_64 | 2.3 | 5.84 | 94.59 | 100.43 | OK | |
r-release-linux-x86_64 | 2.3 | 5.08 | 94.29 | 99.37 | OK | |
r-release-macos-arm64 | 2.3 | 41.00 | OK | |||
r-release-macos-x86_64 | 2.3 | 98.00 | OK | |||
r-release-windows-x86_64 | 2.3 | 6.00 | 97.00 | 103.00 | OK | |
r-oldrel-macos-arm64 | 2.3 | 40.00 | OK | |||
r-oldrel-macos-x86_64 | 2.3 | 71.00 | OK | |||
r-oldrel-windows-x86_64 | 2.3 | 10.00 | 133.00 | 143.00 | OK |
Version: 2.3
Check: CRAN incoming feasibility
Result: NOTE
Maintainer: ‘Rampal S. Etienne <r.s.etienne@rug.nl>’
No Authors@R field in DESCRIPTION.
Please add one, modifying
Authors@R: c(person(given = c("Rampal", "S.", "Etienne", "&", "Alex", "L."),
family = "Pigot",
role = "aut"),
person(given = c("Rampal", "S."),
family = "Etienne",
role = "cre",
email = "r.s.etienne@rug.nl"))
as necessary.
Flavor: r-devel-linux-x86_64-debian-gcc