Last updated on 2025-04-28 18:50:06 CEST.
Flavor | Version | Tinstall | Tcheck | Ttotal | Status | Flags |
---|---|---|---|---|---|---|
r-devel-linux-x86_64-debian-clang | 0.1.5 | 64.61 | 52.67 | 117.28 | NOTE | |
r-devel-linux-x86_64-debian-gcc | 0.1.5 | 47.59 | 47.03 | 94.62 | NOTE | |
r-devel-linux-x86_64-fedora-clang | 0.1.5 | 171.99 | NOTE | |||
r-devel-linux-x86_64-fedora-gcc | 0.1.5 | 207.74 | NOTE | |||
r-devel-windows-x86_64 | 0.1.5 | 60.00 | 86.00 | 146.00 | NOTE | |
r-patched-linux-x86_64 | 0.1.5 | 65.92 | 59.59 | 125.51 | NOTE | |
r-release-linux-x86_64 | 0.1.5 | 65.65 | 58.80 | 124.45 | NOTE | |
r-release-macos-arm64 | 0.1.5 | 56.00 | NOTE | |||
r-release-macos-x86_64 | 0.1.5 | 111.00 | NOTE | |||
r-release-windows-x86_64 | 0.1.5 | 61.00 | 89.00 | 150.00 | NOTE | |
r-oldrel-macos-arm64 | 0.1.5 | 49.00 | NOTE | |||
r-oldrel-macos-x86_64 | 0.1.5 | 79.00 | NOTE | |||
r-oldrel-windows-x86_64 | 0.1.5 | 74.00 | 105.00 | 179.00 | NOTE |
Version: 0.1.5
Check: C++ specification
Result: NOTE
Specified C++11: please drop specification unless essential
Flavors: r-devel-linux-x86_64-debian-clang, r-devel-linux-x86_64-debian-gcc, r-devel-linux-x86_64-fedora-clang, r-devel-linux-x86_64-fedora-gcc, r-devel-windows-x86_64, r-patched-linux-x86_64, r-release-linux-x86_64, r-release-macos-arm64, r-release-macos-x86_64, r-release-windows-x86_64, r-oldrel-macos-arm64, r-oldrel-macos-x86_64, r-oldrel-windows-x86_64
Version: 0.1.5
Check: CRAN incoming feasibility
Result: NOTE
Maintainer: ‘Xiaojie Qiu <xqiu@uw.edu>’
No Authors@R field in DESCRIPTION.
Please add one, modifying
Authors@R: c(person(given = "Xiaojie",
family = "Qiu",
role = c("aut", "cre"),
email = "xqiu@uw.edu"),
person(given = "Cole",
family = "Trapnell",
role = "aut"),
person(given = "Qi",
family = "Mao",
role = "aut"),
person(given = "Li",
family = "Wang",
role = "aut"))
as necessary.
Flavor: r-devel-linux-x86_64-debian-gcc
Version: 0.1.5
Check: installed package size
Result: NOTE
installed size is 29.0Mb
sub-directories of 1Mb or more:
libs 28.9Mb
Flavors: r-oldrel-macos-arm64, r-oldrel-macos-x86_64