CRAN Package Check Results for Package DFIT

Last updated on 2025-04-29 18:50:40 CEST.

Flavor Version Tinstall Tcheck Ttotal Status Flags
r-devel-linux-x86_64-debian-clang 1.1 15.34 116.03 131.37 NOTE
r-devel-linux-x86_64-debian-gcc 1.1 10.03 78.90 88.93 NOTE
r-devel-linux-x86_64-fedora-clang 1.1 197.08 OK
r-devel-linux-x86_64-fedora-gcc 1.1 183.55 OK
r-devel-windows-x86_64 1.1 15.00 120.00 135.00 OK
r-patched-linux-x86_64 1.1 14.03 107.93 121.96 OK
r-release-linux-x86_64 1.1 11.83 106.14 117.97 OK
r-release-macos-arm64 1.1 52.00 OK
r-release-macos-x86_64 1.1 113.00 OK
r-release-windows-x86_64 1.1 18.00 124.00 142.00 OK
r-oldrel-macos-arm64 1.1 52.00 OK
r-oldrel-macos-x86_64 1.1 109.00 OK
r-oldrel-windows-x86_64 1.1 19.00 156.00 175.00 OK

Check Details

Version: 1.1
Check: CRAN incoming feasibility
Result: NOTE Maintainer: ‘Victor H. Cervantes <vhcervantesb@unal.edu.co>’ No Authors@R field in DESCRIPTION. Please add one, modifying Authors@R: person(given = c("Victor", "H."), family = "Cervantes", role = c("aut", "cre"), email = "vhcervantesb@unal.edu.co") as necessary. Flavors: r-devel-linux-x86_64-debian-clang, r-devel-linux-x86_64-debian-gcc