Last updated on 2025-04-29 06:49:40 CEST.
Flavor | Version | Tinstall | Tcheck | Ttotal | Status | Flags |
---|---|---|---|---|---|---|
r-devel-linux-x86_64-debian-clang | 1.0.0 | 2.02 | 23.16 | 25.18 | OK | |
r-devel-linux-x86_64-debian-gcc | 1.0.0 | 1.82 | 19.07 | 20.89 | NOTE | |
r-devel-linux-x86_64-fedora-clang | 1.0.0 | 39.90 | OK | |||
r-devel-linux-x86_64-fedora-gcc | 1.0.0 | 38.49 | OK | |||
r-devel-windows-x86_64 | 1.0.0 | 5.00 | 46.00 | 51.00 | OK | |
r-patched-linux-x86_64 | 1.0.0 | 2.69 | 22.39 | 25.08 | OK | |
r-release-linux-x86_64 | 1.0.0 | 2.16 | 22.54 | 24.70 | OK | |
r-release-macos-arm64 | 1.0.0 | 30.00 | OK | |||
r-release-macos-x86_64 | 1.0.0 | 28.00 | OK | |||
r-release-windows-x86_64 | 1.0.0 | 3.00 | 48.00 | 51.00 | OK | |
r-oldrel-macos-arm64 | 1.0.0 | 17.00 | OK | |||
r-oldrel-macos-x86_64 | 1.0.0 | 23.00 | OK | |||
r-oldrel-windows-x86_64 | 1.0.0 | 4.00 | 51.00 | 55.00 | OK |
Version: 1.0.0
Check: CRAN incoming feasibility
Result: NOTE
Maintainer: ‘Paul Rosenbaum <rosenbaum@wharton.upenn.edu>’
No Authors@R field in DESCRIPTION.
Please add one, modifying
Authors@R: c(person(given = c("Paul", "R."),
family = "Rosenbaum",
role = "aut"),
person(given = "Paul",
family = "Rosenbaum",
role = "cre",
email = "rosenbaum@wharton.upenn.edu"))
as necessary.
Flavor: r-devel-linux-x86_64-debian-gcc