Last updated on 2025-07-04 07:49:26 CEST.
Flavor | Version | Tinstall | Tcheck | Ttotal | Status | Flags |
---|---|---|---|---|---|---|
r-devel-linux-x86_64-debian-clang | 0.9.6 | 8.89 | 145.94 | 154.83 | OK | |
r-devel-linux-x86_64-debian-gcc | 0.9.6 | 7.09 | 91.24 | 98.33 | OK | |
r-devel-linux-x86_64-fedora-clang | 0.9.6 | 247.80 | OK | |||
r-devel-linux-x86_64-fedora-gcc | 0.9.6 | 242.78 | OK | |||
r-devel-windows-x86_64 | 0.9.6 | 14.00 | 150.00 | 164.00 | OK | |
r-patched-linux-x86_64 | 0.9.6 | 10.82 | 133.60 | 144.42 | OK | |
r-release-linux-x86_64 | 0.9.6 | 6.30 | 133.60 | 139.90 | OK | |
r-release-macos-arm64 | 0.9.6 | 67.00 | OK | |||
r-release-macos-x86_64 | 0.9.6 | 175.00 | OK | |||
r-release-windows-x86_64 | 0.9.6 | 13.00 | 147.00 | 160.00 | OK | |
r-oldrel-macos-arm64 | 0.9.6 | 69.00 | NOTE | |||
r-oldrel-macos-x86_64 | 0.9.6 | 104.00 | NOTE | |||
r-oldrel-windows-x86_64 | 0.9.6 | 16.00 | 202.00 | 218.00 | NOTE |
Version: 0.9.6
Check: installed package size
Result: NOTE
installed size is 5.3Mb
sub-directories of 1Mb or more:
appinformation 4.1Mb
Flavors: r-oldrel-macos-arm64, r-oldrel-macos-x86_64, r-oldrel-windows-x86_64