CRAN Package Check Results for Package DataSimilarity

Last updated on 2025-04-28 18:50:06 CEST.

Flavor Version Tinstall Tcheck Ttotal Status Flags
r-devel-linux-x86_64-debian-clang 0.1.1 6.86 366.38 373.24 OK
r-devel-linux-x86_64-debian-gcc 0.1.1 4.46 238.64 243.10 NOTE
r-devel-linux-x86_64-fedora-clang 0.1.1 616.91 OK
r-devel-linux-x86_64-fedora-gcc 0.1.1 611.84 OK
r-devel-windows-x86_64 0.1.1 7.00 384.00 391.00 OK
r-patched-linux-x86_64 0.1.1 7.46 362.69 370.15 OK
r-release-linux-x86_64 0.1.1 6.90 364.51 371.41 OK
r-release-macos-arm64 0.1.1 159.00 WARN
r-release-macos-x86_64 0.1.1 406.00 OK
r-release-windows-x86_64 0.1.1 7.00 384.00 391.00 OK
r-oldrel-macos-arm64 0.1.1 175.00 WARN
r-oldrel-macos-x86_64 0.1.1 365.00 OK
r-oldrel-windows-x86_64 0.1.1 10.00 502.00 512.00 OK

Check Details

Version: 0.1.1
Check: examples
Result: NOTE Examples with CPU (user + system) or elapsed time > 5s user system elapsed Jeffreys 4.551 0.084 6.106 Flavor: r-devel-linux-x86_64-debian-gcc

Version: 0.1.1
Check: re-building of vignette outputs
Result: WARN Error(s) in re-building vignettes: --- re-building ‘vignette.Rnw’ using Sweave Warning in initialize(value, ...) : There must be an even number of elements Adding a ghost value Loading required package: ggplot2 Loading required package: lattice Error: processing vignette 'vignette.Rnw' failed with diagnostics: Running 'texi2dvi' on 'vignette.tex' failed. LaTeX errors: !pdfTeX error: pdflatex (file bbm9): Font bbm9 at 600 not found ==> Fatal error occurred, no output PDF file produced! --- failed re-building ‘vignette.Rnw’ SUMMARY: processing the following file failed: ‘vignette.Rnw’ Error: Vignette re-building failed. Execution halted Flavors: r-release-macos-arm64, r-oldrel-macos-arm64