CRAN Package Check Results for Package DeepLearningCausal

Last updated on 2025-04-29 18:50:40 CEST.

Flavor Version Tinstall Tcheck Ttotal Status Flags
r-devel-linux-x86_64-debian-clang 0.0.104 3.24 31.41 34.65 NOTE
r-devel-linux-x86_64-debian-gcc 0.0.104 2.21 23.46 25.67 OK
r-devel-linux-x86_64-fedora-clang 0.0.104 56.73 NOTE
r-devel-linux-x86_64-fedora-gcc 0.0.104 55.28 NOTE
r-devel-windows-x86_64 0.0.104 5.00 56.00 61.00 OK
r-patched-linux-x86_64 0.0.104 3.44 30.07 33.51 OK
r-release-linux-x86_64 0.0.104 3.10 29.32 32.42 OK
r-release-macos-arm64 0.0.104 22.00 OK
r-release-macos-x86_64 0.0.104 34.00 OK
r-release-windows-x86_64 0.0.104 5.00 53.00 58.00 OK
r-oldrel-macos-arm64 0.0.104 20.00 OK
r-oldrel-macos-x86_64 0.0.104 48.00 OK
r-oldrel-windows-x86_64 0.0.104 6.00 62.00 68.00 OK

Check Details

Version: 0.0.104
Check: examples
Result: NOTE Examples with CPU (user + system) or elapsed time > 5s user system elapsed metalearner_ensemble 4.414 0.226 6.267 Flavor: r-devel-linux-x86_64-debian-clang

Version: 0.0.104
Check: dependencies in R code
Result: NOTE Namespaces in Imports field not imported from: ‘Hmisc’ ‘class’ ‘e1071’ ‘gam’ ‘gbm’ ‘glmnet’ ‘randomForest’ ‘weights’ ‘xgboost’ All declared Imports should be used. Flavors: r-devel-linux-x86_64-fedora-clang, r-devel-linux-x86_64-fedora-gcc