CRAN Package Check Results for Package Directional

Last updated on 2025-04-28 18:50:07 CEST.

Flavor Version Tinstall Tcheck Ttotal Status Flags
r-devel-linux-x86_64-debian-clang 7.1 41.61 322.42 364.03 OK
r-devel-linux-x86_64-debian-gcc 7.1 28.19 219.27 247.46 NOTE
r-devel-linux-x86_64-fedora-clang 7.1 615.14 OK
r-devel-linux-x86_64-fedora-gcc 7.1 543.66 OK
r-devel-windows-x86_64 7.1 37.00 285.00 322.00 OK
r-patched-linux-x86_64 7.1 41.85 317.46 359.31 OK
r-release-linux-x86_64 7.1 40.09 302.68 342.77 OK
r-release-macos-arm64 7.1 126.00 OK
r-release-macos-x86_64 7.1 288.00 OK
r-release-windows-x86_64 7.1 38.00 285.00 323.00 OK
r-oldrel-macos-arm64 7.1 112.00 OK
r-oldrel-macos-x86_64 7.1 285.00 OK
r-oldrel-windows-x86_64 7.1 59.00 378.00 437.00 OK

Check Details

Version: 7.1
Check: examples
Result: NOTE Examples with CPU (user + system) or elapsed time > 5s user system elapsed esag.reg 3.921 0.249 5.842 Flavor: r-devel-linux-x86_64-debian-gcc