CRAN Package Check Results for Package DrugSim2DR

Last updated on 2025-05-05 18:50:03 CEST.

Flavor Version Tinstall Tcheck Ttotal Status Flags
r-devel-linux-x86_64-debian-clang 0.1.1 12.78 104.72 117.50 OK
r-devel-linux-x86_64-debian-gcc 0.1.1 9.63 76.48 86.11 OK
r-devel-linux-x86_64-fedora-clang 0.1.1 189.53 NOTE
r-devel-linux-x86_64-fedora-gcc 0.1.1 187.72 NOTE
r-devel-windows-x86_64 0.1.1 16.00 111.00 127.00 OK
r-patched-linux-x86_64 0.1.1 12.83 101.29 114.12 OK
r-release-linux-x86_64 0.1.1 13.22 102.73 115.95 OK
r-release-macos-arm64 0.1.1 73.00 OK
r-release-macos-x86_64 0.1.1 7.00 ERROR
r-release-windows-x86_64 0.1.1 16.00 111.00 127.00 OK
r-oldrel-macos-arm64 0.1.1 64.00 OK
r-oldrel-macos-x86_64 0.1.1 95.00 OK
r-oldrel-windows-x86_64 0.1.1 21.00 138.00 159.00 OK

Check Details

Version: 0.1.1
Check: dependencies in R code
Result: NOTE Namespace in Imports field not imported from: ‘base’ All declared Imports should be used. Flavors: r-devel-linux-x86_64-fedora-clang, r-devel-linux-x86_64-fedora-gcc

Version: 0.1.1
Check: package dependencies
Result: ERROR Package required but not available: ‘ChemmineR’ See section ‘The DESCRIPTION file’ in the ‘Writing R Extensions’ manual. Flavor: r-release-macos-x86_64