CRAN Package Check Results for Package EDOIF

Last updated on 2025-04-28 18:50:07 CEST.

Flavor Version Tinstall Tcheck Ttotal Status Flags
r-devel-linux-x86_64-debian-clang 0.1.3 7.09 89.74 96.83 OK
r-devel-linux-x86_64-debian-gcc 0.1.3 4.89 65.96 70.85 NOTE
r-devel-linux-x86_64-fedora-clang 0.1.4 177.19 OK
r-devel-linux-x86_64-fedora-gcc 0.1.4 187.72 OK
r-devel-windows-x86_64 0.1.3 10.00 104.00 114.00 OK
r-patched-linux-x86_64 0.1.3 7.82 89.41 97.23 OK
r-release-linux-x86_64 0.1.3 7.06 88.47 95.53 OK
r-release-macos-arm64 0.1.4 54.00 OK
r-release-macos-x86_64 0.1.4 104.00 OK
r-release-windows-x86_64 0.1.3 10.00 107.00 117.00 OK
r-oldrel-macos-arm64 0.1.4 57.00 OK
r-oldrel-macos-x86_64 0.1.4 108.00 OK
r-oldrel-windows-x86_64 0.1.3 12.00 126.00 138.00 OK

Check Details

Version: 0.1.3
Check: CRAN incoming feasibility
Result: NOTE Maintainer: ‘Chainarong Amornbunchornvej <grandca@gmail.com>’ Package CITATION file contains call(s) to old-style personList() or as.personList(). Please use c() on person objects instead. Package CITATION file contains call(s) to old-style citEntry(). Please use bibentry() instead. Flavor: r-devel-linux-x86_64-debian-gcc