Last updated on 2025-04-29 06:49:41 CEST.
Flavor | Version | Tinstall | Tcheck | Ttotal | Status | Flags |
---|---|---|---|---|---|---|
r-devel-linux-x86_64-debian-clang | 2.1.3 | 9.53 | 112.89 | 122.42 | OK | |
r-devel-linux-x86_64-debian-gcc | 2.1.3 | 6.24 | 68.86 | 75.10 | NOTE | |
r-devel-linux-x86_64-fedora-clang | 2.1.3 | 192.58 | OK | |||
r-devel-linux-x86_64-fedora-gcc | 2.1.3 | 198.42 | OK | |||
r-devel-windows-x86_64 | 2.1.3 | 11.00 | 107.00 | 118.00 | OK | |
r-patched-linux-x86_64 | 2.1.3 | 9.87 | 105.71 | 115.58 | OK | |
r-release-linux-x86_64 | 2.1.3 | 9.02 | 104.86 | 113.88 | OK | |
r-release-macos-arm64 | 2.1.3 | 52.00 | OK | |||
r-release-macos-x86_64 | 2.1.3 | 121.00 | OK | |||
r-release-windows-x86_64 | 2.1.3 | 9.00 | 111.00 | 120.00 | OK | |
r-oldrel-macos-arm64 | 2.1.3 | 51.00 | OK | |||
r-oldrel-macos-x86_64 | 2.1.3 | 82.00 | OK | |||
r-oldrel-windows-x86_64 | 2.1.3 | 13.00 | 147.00 | 160.00 | OK |
Version: 2.1.3
Check: CRAN incoming feasibility
Result: NOTE
Maintainer: ‘Guangjian Zhang <gzhang3@nd.edu>’
No Authors@R field in DESCRIPTION.
Please add one, modifying
Authors@R: c(person(given = "Guangjian",
family = "Zhang",
role = c("aut", "cre"),
email = "gzhang3@nd.edu"),
person(given = "Ge",
family = "Jiang",
role = "aut"),
person(given = "Minami",
family = "Hattori",
role = "aut"),
person(given = "Lauren",
family = "Trichtinger",
role = "aut"))
as necessary.
Flavor: r-devel-linux-x86_64-debian-gcc