CRAN Package Check Results for Package EMAS

Last updated on 2025-07-04 19:50:18 CEST.

Flavor Version Tinstall Tcheck Ttotal Status Flags
r-devel-linux-x86_64-debian-clang 0.2.2 66.47 503.35 569.82 NOTE
r-devel-linux-x86_64-debian-gcc 0.2.2 44.32 359.29 403.61 NOTE
r-devel-linux-x86_64-fedora-clang 0.2.2 949.48 NOTE
r-devel-linux-x86_64-fedora-gcc 0.2.2 923.10 NOTE
r-devel-windows-x86_64 0.2.2 61.00 408.00 469.00 NOTE
r-patched-linux-x86_64 0.2.2 59.44 478.15 537.59 NOTE
r-release-linux-x86_64 0.2.2 54.92 476.59 531.51 NOTE
r-release-macos-arm64 0.2.2 4.00 ERROR
r-release-macos-x86_64 0.2.2 6.00 ERROR
r-release-windows-x86_64 0.2.2 59.00 408.00 467.00 NOTE
r-oldrel-macos-arm64 0.2.2 9.00 ERROR
r-oldrel-macos-x86_64 0.2.2 11.00 ERROR
r-oldrel-windows-x86_64 0.2.2 81.00 575.00 656.00 NOTE

Check Details

Version: 0.2.2
Check: Rd files
Result: NOTE checkRd: (-1) Emas.Rd:55: Lost braces in \itemize; \value handles \item{}{} directly checkRd: (-1) Emas.Rd:56: Lost braces in \itemize; \value handles \item{}{} directly checkRd: (-1) Emas.Rd:57: Lost braces in \itemize; \value handles \item{}{} directly checkRd: (-1) Emas.Rd:58: Lost braces in \itemize; \value handles \item{}{} directly checkRd: (-1) Emas.Rd:59: Lost braces in \itemize; \value handles \item{}{} directly checkRd: (-1) Emas.Rd:60: Lost braces in \itemize; \value handles \item{}{} directly checkRd: (-1) Emas.Rd:61: Lost braces in \itemize; \value handles \item{}{} directly checkRd: (-1) Emas.Rd:62: Lost braces in \itemize; \value handles \item{}{} directly checkRd: (-1) Emas.Rd:63: Lost braces in \itemize; \value handles \item{}{} directly checkRd: (-1) Emas.Rd:64: Lost braces in \itemize; \value handles \item{}{} directly Flavors: r-devel-linux-x86_64-debian-clang, r-devel-linux-x86_64-debian-gcc, r-devel-linux-x86_64-fedora-clang, r-devel-linux-x86_64-fedora-gcc, r-devel-windows-x86_64, r-patched-linux-x86_64, r-release-linux-x86_64, r-release-windows-x86_64, r-oldrel-windows-x86_64

Version: 0.2.2
Check: Rd cross-references
Result: NOTE Found the following Rd file(s) with Rd \link{} targets missing package anchors: EMAS.manhattan.Rd: manhattan Emas.parallel.Rd: sem, lavaan Please provide package anchors for all Rd \link{} targets not in the package itself and the base packages. Flavors: r-devel-linux-x86_64-debian-clang, r-devel-linux-x86_64-debian-gcc, r-devel-windows-x86_64, r-patched-linux-x86_64, r-release-linux-x86_64, r-release-windows-x86_64

Version: 0.2.2
Check: package dependencies
Result: ERROR Packages required but not available: 'minfi', 'IlluminaHumanMethylationEPICanno.ilm10b4.hg19', 'IlluminaHumanMethylation450kanno.ilmn12.hg19' See section ‘The DESCRIPTION file’ in the ‘Writing R Extensions’ manual. Flavors: r-release-macos-arm64, r-release-macos-x86_64

Version: 0.2.2
Check: package dependencies
Result: ERROR Packages required but not available: 'IlluminaHumanMethylationEPICanno.ilm10b4.hg19', 'IlluminaHumanMethylation450kanno.ilmn12.hg19' See section ‘The DESCRIPTION file’ in the ‘Writing R Extensions’ manual. Flavors: r-oldrel-macos-arm64, r-oldrel-macos-x86_64