Last updated on 2025-04-29 06:49:41 CEST.
Flavor | Version | Tinstall | Tcheck | Ttotal | Status | Flags |
---|---|---|---|---|---|---|
r-devel-linux-x86_64-debian-clang | 3.1 | 6.74 | 51.62 | 58.36 | OK | |
r-devel-linux-x86_64-debian-gcc | 3.1 | 5.00 | 39.67 | 44.67 | NOTE | |
r-devel-linux-x86_64-fedora-clang | 3.1 | 91.03 | OK | |||
r-devel-linux-x86_64-fedora-gcc | 3.1 | 85.64 | OK | |||
r-devel-windows-x86_64 | 3.1 | 7.00 | 65.00 | 72.00 | OK | |
r-patched-linux-x86_64 | 3.1 | 6.31 | 49.55 | 55.86 | OK | |
r-release-linux-x86_64 | 3.1 | 6.16 | 49.12 | 55.28 | OK | |
r-release-macos-arm64 | 3.1 | 33.00 | OK | |||
r-release-macos-x86_64 | 3.1 | 80.00 | OK | |||
r-release-windows-x86_64 | 3.1 | 7.00 | 67.00 | 74.00 | OK | |
r-oldrel-macos-arm64 | 3.1 | 28.00 | OK | |||
r-oldrel-macos-x86_64 | 3.1 | 42.00 | OK | |||
r-oldrel-windows-x86_64 | 3.1 | 8.00 | 73.00 | 81.00 | OK |
Version: 3.1
Check: CRAN incoming feasibility
Result: NOTE
Maintainer: ‘Deniz Akdemir <deniz.akdemir.work@gmail.com>’
No Authors@R field in DESCRIPTION.
Please add one, modifying
Authors@R: c(person(given = "Deniz",
family = "Akdemir",
role = c("aut", "cre"),
email = "deniz.akdemir.work@gmail.com"),
person(given = c("Okeke", "Uche"),
family = "Godfrey",
role = "aut"))
as necessary.
Flavor: r-devel-linux-x86_64-debian-gcc