Last updated on 2025-04-28 18:50:08 CEST.
Flavor | Version | Tinstall | Tcheck | Ttotal | Status | Flags |
---|---|---|---|---|---|---|
r-devel-linux-x86_64-debian-clang | 1.1.0 | 16.51 | 125.75 | 142.26 | OK | |
r-devel-linux-x86_64-debian-gcc | 1.1.0 | 11.63 | 102.03 | 113.66 | NOTE | |
r-devel-linux-x86_64-fedora-clang | 1.1.0 | 238.16 | OK | |||
r-devel-linux-x86_64-fedora-gcc | 1.1.0 | 218.53 | OK | |||
r-devel-windows-x86_64 | 1.1.0 | 16.00 | 120.00 | 136.00 | OK | |
r-patched-linux-x86_64 | 1.1.0 | 16.32 | 124.09 | 140.41 | OK | |
r-release-linux-x86_64 | 1.1.0 | 14.42 | 125.90 | 140.32 | OK | |
r-release-macos-arm64 | 1.1.0 | 64.00 | OK | |||
r-release-macos-x86_64 | 1.1.0 | 107.00 | OK | |||
r-release-windows-x86_64 | 1.1.0 | 16.00 | 121.00 | 137.00 | OK | |
r-oldrel-macos-arm64 | 1.1.0 | 71.00 | OK | |||
r-oldrel-macos-x86_64 | 1.1.0 | 87.00 | OK | |||
r-oldrel-windows-x86_64 | 1.1.0 | 22.00 | 154.00 | 176.00 | OK |
Version: 1.1.0
Check: examples
Result: NOTE
Examples with CPU (user + system) or elapsed time > 5s
user system elapsed
simulate_etube 3.522 0.892 6.180
intrinsic_mean_tube 3.260 0.753 5.785
nonIntrinsic_mean_tube 2.740 0.755 5.491
Flavor: r-devel-linux-x86_64-debian-gcc