Last updated on 2025-04-29 18:50:42 CEST.
Flavor | Version | Tinstall | Tcheck | Ttotal | Status | Flags |
---|---|---|---|---|---|---|
r-devel-linux-x86_64-debian-clang | 1.0 | 7.26 | 65.52 | 72.78 | NOTE | |
r-devel-linux-x86_64-debian-gcc | 1.0 | 5.47 | 49.18 | 54.65 | NOTE | |
r-devel-linux-x86_64-fedora-clang | 1.0 | 122.01 | OK | |||
r-devel-linux-x86_64-fedora-gcc | 1.0 | 110.57 | OK | |||
r-devel-windows-x86_64 | 1.0 | 8.00 | 78.00 | 86.00 | OK | |
r-patched-linux-x86_64 | 1.0 | 8.02 | 63.00 | 71.02 | OK | |
r-release-linux-x86_64 | 1.0 | 6.50 | 61.93 | 68.43 | OK | |
r-release-macos-arm64 | 1.0 | 55.00 | OK | |||
r-release-macos-x86_64 | 1.0 | 93.00 | OK | |||
r-release-windows-x86_64 | 1.0 | 8.00 | 83.00 | 91.00 | OK | |
r-oldrel-macos-arm64 | 1.0 | 32.00 | OK | |||
r-oldrel-macos-x86_64 | 1.0 | 51.00 | OK | |||
r-oldrel-windows-x86_64 | 1.0 | 11.00 | 95.00 | 106.00 | OK |
Version: 1.0
Check: CRAN incoming feasibility
Result: NOTE
Maintainer: ‘Huixia Judy Wang <judywang@gwu.edu>’
No Authors@R field in DESCRIPTION.
Please add one, modifying
Authors@R: person(given = c("Huixia", "Judy"),
family = "Wang",
role = c("aut", "cre"),
email = "judywang@gwu.edu")
as necessary.
Flavors: r-devel-linux-x86_64-debian-clang, r-devel-linux-x86_64-debian-gcc