CRAN Package Check Results for Package FHtest

Last updated on 2025-07-04 07:49:27 CEST.

Flavor Version Tinstall Tcheck Ttotal Status Flags
r-devel-linux-x86_64-debian-clang 1.5.1 7.85 66.90 74.75 NOTE
r-devel-linux-x86_64-debian-gcc 1.5.1 5.47 48.90 54.37 NOTE
r-devel-linux-x86_64-fedora-clang 1.5.1 116.32 OK
r-devel-linux-x86_64-fedora-gcc 1.5.1 112.04 OK
r-devel-windows-x86_64 1.5.1 8.00 83.00 91.00 OK
r-patched-linux-x86_64 1.5.1 7.48 63.75 71.23 OK
r-release-linux-x86_64 1.5.1 7.33 63.21 70.54 OK
r-release-macos-arm64 1.5.1 46.00 OK
r-release-macos-x86_64 1.5.1 78.00 OK
r-release-windows-x86_64 1.5.1 9.00 85.00 94.00 OK
r-oldrel-macos-arm64 1.5.1 38.00 OK
r-oldrel-macos-x86_64 1.5.1 58.00 OK
r-oldrel-windows-x86_64 1.5.1 11.00 105.00 116.00 OK

Check Details

Version: 1.5.1
Check: CRAN incoming feasibility
Result: NOTE Maintainer: ‘Ramon Oller <ramon.oller@uvic.cat>’ No Authors@R field in DESCRIPTION. Please add one, modifying Authors@R: c(person(given = "Ramon", family = "Oller", role = c("aut", "cre"), email = "ramon.oller@uvic.cat"), person(given = "Klaus", family = "Langohr", role = "aut")) as necessary. Flavors: r-devel-linux-x86_64-debian-clang, r-devel-linux-x86_64-debian-gcc