CRAN Package Check Results for Package FITSio

Last updated on 2025-04-28 18:50:09 CEST.

Flavor Version Tinstall Tcheck Ttotal Status Flags
r-devel-linux-x86_64-debian-clang 2.1-6 2.47 24.15 26.62 OK
r-devel-linux-x86_64-debian-gcc 2.1-6 1.94 19.13 21.07 NOTE
r-devel-linux-x86_64-fedora-clang 2.1-6 41.97 OK
r-devel-linux-x86_64-fedora-gcc 2.1-6 39.88 OK
r-devel-windows-x86_64 2.1-6 3.00 54.00 57.00 OK
r-patched-linux-x86_64 2.1-6 3.39 22.85 26.24 OK
r-release-linux-x86_64 2.1-6 2.14 23.39 25.53 OK
r-release-macos-arm64 2.1-6 18.00 OK
r-release-macos-x86_64 2.1-6 28.00 OK
r-release-windows-x86_64 2.1-6 5.00 49.00 54.00 OK
r-oldrel-macos-arm64 2.1-6 18.00 OK
r-oldrel-macos-x86_64 2.1-6 24.00 OK
r-oldrel-windows-x86_64 2.1-6 3.00 49.00 52.00 OK

Check Details

Version: 2.1-6
Check: CRAN incoming feasibility
Result: NOTE Maintainer: ‘Andrew Harris <harris@astro.umd.edu>’ No Authors@R field in DESCRIPTION. Please add one, modifying Authors@R: person(given = "Andrew", family = "Harris", role = c("aut", "cre"), email = "harris@astro.umd.edu") as necessary. Flavor: r-devel-linux-x86_64-debian-gcc