Last updated on 2025-04-28 18:50:09 CEST.
Flavor | Version | Tinstall | Tcheck | Ttotal | Status | Flags |
---|---|---|---|---|---|---|
r-devel-linux-x86_64-debian-clang | 0.1 | 7.67 | 62.90 | 70.57 | OK | |
r-devel-linux-x86_64-debian-gcc | 0.1 | 5.08 | 47.79 | 52.87 | NOTE | |
r-devel-linux-x86_64-fedora-clang | 0.1 | 109.92 | OK | |||
r-devel-linux-x86_64-fedora-gcc | 0.1 | 105.83 | OK | |||
r-devel-windows-x86_64 | 0.1 | 8.00 | 71.00 | 79.00 | OK | |
r-patched-linux-x86_64 | 0.1 | 6.53 | 59.57 | 66.10 | OK | |
r-release-linux-x86_64 | 0.1 | 7.03 | 60.89 | 67.92 | OK | |
r-release-macos-arm64 | 0.1 | 37.00 | OK | |||
r-release-macos-x86_64 | 0.1 | 61.00 | OK | |||
r-release-windows-x86_64 | 0.1 | 8.00 | 72.00 | 80.00 | OK | |
r-oldrel-macos-arm64 | 0.1 | 34.00 | OK | |||
r-oldrel-macos-x86_64 | 0.1 | 53.00 | OK | |||
r-oldrel-windows-x86_64 | 0.1 | 11.00 | 86.00 | 97.00 | OK |
Version: 0.1
Check: CRAN incoming feasibility
Result: NOTE
Maintainer: ‘Zihuai He <zihuai@umich.edu>’
No Authors@R field in DESCRIPTION.
Please add one, modifying
Authors@R: person(given = "Zihuai",
family = "He",
role = c("aut", "cre"),
email = "zihuai@umich.edu")
as necessary.
Flavor: r-devel-linux-x86_64-debian-gcc