Last updated on 2025-04-29 06:49:42 CEST.
Flavor | Version | Tinstall | Tcheck | Ttotal | Status | Flags |
---|---|---|---|---|---|---|
r-devel-linux-x86_64-debian-clang | 0.6.0 | 73.39 | 55.76 | 129.15 | OK | |
r-devel-linux-x86_64-debian-gcc | 0.6.0 | 69.79 | 44.37 | 114.16 | OK | |
r-devel-linux-x86_64-fedora-clang | 0.6.0 | 208.26 | OK | |||
r-devel-linux-x86_64-fedora-gcc | 0.6.0 | 258.96 | OK | |||
r-devel-windows-x86_64 | 0.6.0 | 81.00 | 105.00 | 186.00 | OK | |
r-patched-linux-x86_64 | 0.6.0 | 92.48 | 60.75 | 153.23 | OK | |
r-release-linux-x86_64 | 0.6.0 | 92.56 | 59.93 | 152.49 | OK | |
r-release-macos-arm64 | 0.6.0 | 61.00 | OK | |||
r-release-macos-x86_64 | 0.6.0 | 132.00 | OK | |||
r-release-windows-x86_64 | 0.6.0 | 79.00 | 107.00 | 186.00 | OK | |
r-oldrel-macos-arm64 | 0.6.0 | 70.00 | NOTE | |||
r-oldrel-macos-x86_64 | 0.6.0 | 127.00 | NOTE | |||
r-oldrel-windows-x86_64 | 0.6.0 | 92.00 | 124.00 | 216.00 | OK |
Version: 0.6.0
Check: installed package size
Result: NOTE
installed size is 45.4Mb
sub-directories of 1Mb or more:
libs 44.8Mb
Flavors: r-oldrel-macos-arm64, r-oldrel-macos-x86_64