Last updated on 2025-04-28 18:50:08 CEST.
Flavor | Version | Tinstall | Tcheck | Ttotal | Status | Flags |
---|---|---|---|---|---|---|
r-devel-linux-x86_64-debian-clang | 1.2-1 | 10.86 | 23.06 | 33.92 | NOTE | |
r-devel-linux-x86_64-debian-gcc | 1.2-1 | 6.84 | 18.65 | 25.49 | NOTE | |
r-devel-linux-x86_64-fedora-clang | 1.2-1 | 58.40 | NOTE | |||
r-devel-linux-x86_64-fedora-gcc | 1.2-1 | 53.01 | NOTE | |||
r-devel-windows-x86_64 | 1.2-1 | 13.00 | 43.00 | 56.00 | NOTE | |
r-patched-linux-x86_64 | 1.2-1 | 8.29 | 22.38 | 30.67 | NOTE | |
r-release-linux-x86_64 | 1.2-1 | 8.04 | 22.26 | 30.30 | NOTE | |
r-release-macos-arm64 | 1.2-1 | 30.00 | NOTE | |||
r-release-macos-x86_64 | 1.2-1 | 56.00 | NOTE | |||
r-release-windows-x86_64 | 1.2-1 | 14.00 | 44.00 | 58.00 | NOTE | |
r-oldrel-macos-arm64 | 1.2-1 | 28.00 | NOTE | |||
r-oldrel-macos-x86_64 | 1.2-1 | 48.00 | NOTE | |||
r-oldrel-windows-x86_64 | 1.2-1 | 12.00 | 43.00 | 55.00 | NOTE |
Version: 1.2-1
Check: R code for possible problems
Result: NOTE
.run: no visible binding for global variable ‘init’
.run: no visible global function definition for ‘init’
.run: no visible binding for global variable ‘run’
Undefined global functions or variables:
init run
Flavors: r-devel-linux-x86_64-debian-clang, r-devel-linux-x86_64-debian-gcc, r-devel-linux-x86_64-fedora-clang, r-devel-linux-x86_64-fedora-gcc, r-devel-windows-x86_64, r-patched-linux-x86_64, r-release-linux-x86_64, r-release-macos-arm64, r-release-macos-x86_64, r-release-windows-x86_64, r-oldrel-macos-arm64, r-oldrel-macos-x86_64, r-oldrel-windows-x86_64
Version: 1.2-1
Check: Rd cross-references
Result: NOTE
Found the following Rd file(s) with Rd \link{} targets missing package
anchors:
WebPlot.Rd: Cairo
Please provide package anchors for all Rd \link{} targets not in the
package itself and the base packages.
Flavors: r-devel-linux-x86_64-debian-clang, r-devel-linux-x86_64-debian-gcc, r-devel-windows-x86_64, r-patched-linux-x86_64, r-release-linux-x86_64, r-release-windows-x86_64
Version: 1.2-1
Check: compiled code
Result: NOTE
Note: information on .o files is not available
Flavors: r-devel-linux-x86_64-debian-clang, r-devel-linux-x86_64-debian-gcc, r-patched-linux-x86_64, r-release-linux-x86_64, r-release-macos-arm64, r-release-macos-x86_64, r-oldrel-macos-arm64, r-oldrel-macos-x86_64
Version: 1.2-1
Check: CRAN incoming feasibility
Result: NOTE
Maintainer: ‘Simon Urbanek <Simon.Urbanek@r-project.org>’
No Authors@R field in DESCRIPTION.
Please add one, modifying
Authors@R: c(person(given = "Simon",
family = "Urbanek",
role = c("aut", "cre"),
email = "Simon.Urbanek@r-project.org"),
person(given = "Jeffrey",
family = "Horner",
role = "aut",
email = "jeffrey.horner@gmail.com"))
as necessary.
Flavor: r-devel-linux-x86_64-debian-gcc
Version: 1.2-1
Check: compiled code
Result: NOTE
Note: information on .o files is not available
File ‘FastRWeb/libs/null.so’:
Found no calls to: ‘R_registerRoutines’, ‘R_useDynamicSymbols’
It is good practice to register native routines and to disable symbol
search.
See ‘Writing portable packages’ in the ‘Writing R Extensions’ manual.
Flavors: r-devel-linux-x86_64-fedora-clang, r-devel-linux-x86_64-fedora-gcc
Version: 1.2-1
Check: installed package size
Result: NOTE
installed size is 5.3Mb
sub-directories of 1Mb or more:
Rcgi 2.6Mb
cgi-bin 2.5Mb
Flavor: r-oldrel-windows-x86_64