Last updated on 2025-04-28 18:50:09 CEST.
Flavor | Version | Tinstall | Tcheck | Ttotal | Status | Flags |
---|---|---|---|---|---|---|
r-devel-linux-x86_64-debian-clang | 1.2.0 | 16.86 | 106.88 | 123.74 | OK | |
r-devel-linux-x86_64-debian-gcc | 1.2.0 | 10.54 | 74.12 | 84.66 | NOTE | |
r-devel-linux-x86_64-fedora-clang | 1.2.0 | 197.22 | OK | |||
r-devel-linux-x86_64-fedora-gcc | 1.2.0 | 186.01 | OK | |||
r-devel-windows-x86_64 | 1.2.0 | 17.00 | 103.00 | 120.00 | OK | |
r-patched-linux-x86_64 | 1.2.0 | 17.13 | 102.86 | 119.99 | OK | |
r-release-linux-x86_64 | 1.2.0 | 14.71 | 102.14 | 116.85 | OK | |
r-release-macos-arm64 | 1.2.0 | 50.00 | OK | |||
r-release-macos-x86_64 | 1.2.0 | 112.00 | OK | |||
r-release-windows-x86_64 | 1.2.0 | 19.00 | 107.00 | 126.00 | OK | |
r-oldrel-macos-arm64 | 1.2.0 | 50.00 | OK | |||
r-oldrel-macos-x86_64 | 1.2.0 | 92.00 | OK | |||
r-oldrel-windows-x86_64 | 1.2.0 | 23.00 | 130.00 | 153.00 | OK |
Version: 1.2.0
Check: CRAN incoming feasibility
Result: NOTE
Maintainer: ‘Naoki Egami <negami@princeton.edu>’
No Authors@R field in DESCRIPTION.
Please add one, modifying
Authors@R: c(person(given = "Naoki",
family = "Egami",
role = c("aut", "cre"),
email = "negami@princeton.edu"),
person(given = "Marc",
family = "Ratkovic",
role = "aut"),
person(given = "Kosuke",
family = "Imai",
role = "aut"))
as necessary.
Flavor: r-devel-linux-x86_64-debian-gcc