Last updated on 2025-04-28 18:50:09 CEST.
Flavor | Version | Tinstall | Tcheck | Ttotal | Status | Flags |
---|---|---|---|---|---|---|
r-devel-linux-x86_64-debian-clang | 0.6.3 | 2.32 | 214.23 | 216.55 | OK | |
r-devel-linux-x86_64-debian-gcc | 0.6.3 | 1.88 | 117.38 | 119.26 | NOTE | |
r-devel-linux-x86_64-fedora-clang | 0.6.3 | 365.11 | OK | |||
r-devel-linux-x86_64-fedora-gcc | 0.6.3 | 365.87 | OK | |||
r-devel-windows-x86_64 | 0.6.3 | 3.00 | 158.00 | 161.00 | OK | |
r-patched-linux-x86_64 | 0.6.3 | 2.64 | 197.59 | 200.23 | OK | |
r-release-linux-x86_64 | 0.6.3 | 2.40 | 194.80 | 197.20 | OK | |
r-release-macos-arm64 | 0.6.3 | 71.00 | OK | |||
r-release-macos-x86_64 | 0.6.3 | 150.00 | OK | |||
r-release-windows-x86_64 | 0.6.3 | 3.00 | 160.00 | 163.00 | OK | |
r-oldrel-macos-arm64 | 0.6.3 | 68.00 | OK | |||
r-oldrel-macos-x86_64 | 0.6.3 | 113.00 | OK | |||
r-oldrel-windows-x86_64 | 0.6.3 | 3.00 | 201.00 | 204.00 | OK |
Version: 0.6.3
Check: CRAN incoming feasibility
Result: NOTE
Maintainer: ‘Stuart Baumann <Stuart@StuartBaumann.com>’
No Authors@R field in DESCRIPTION.
Please add one, modifying
Authors@R: c(person(given = c("Stuart", "Baumann", "&", "Margaryta"),
family = "Klymak",
role = "aut"),
person(given = "Stuart",
family = "Baumann",
role = "cre",
email = "Stuart@StuartBaumann.com"))
as necessary.
Flavor: r-devel-linux-x86_64-debian-gcc