CRAN Package Check Results for Package FlexParamCurve

Last updated on 2025-04-29 06:49:42 CEST.

Flavor Version Tinstall Tcheck Ttotal Status Flags
r-devel-linux-x86_64-debian-clang 1.5-6 10.14 69.95 80.09 NOTE
r-devel-linux-x86_64-debian-gcc 1.5-6 7.07 48.71 55.78 NOTE
r-devel-linux-x86_64-fedora-clang 1.5-6 128.90 OK
r-devel-linux-x86_64-fedora-gcc 1.5-6 124.17 OK
r-devel-windows-x86_64 1.5-6 11.00 77.00 88.00 NOTE
r-patched-linux-x86_64 1.5-6 11.23 68.27 79.50 NOTE
r-release-linux-x86_64 1.5-6 9.08 66.15 75.23 NOTE
r-release-macos-arm64 1.5-6 37.00 OK
r-release-macos-x86_64 1.5-6 67.00 OK
r-release-windows-x86_64 1.5-6 11.00 82.00 93.00 NOTE
r-oldrel-macos-arm64 1.5-6 34.00 OK
r-oldrel-macos-x86_64 1.5-6 53.00 OK
r-oldrel-windows-x86_64 1.5-6 16.00 95.00 111.00 OK

Check Details

Version: 1.5-6
Check: Rd cross-references
Result: NOTE Found the following Rd file(s) with Rd \link{} targets missing package anchors: FlexParamCurve-package.Rd: nlsList, nlme SSposnegRichards.Rd: nlsList, nlme extraF.Rd: nlsList logist.data.Rd: nlme pn.mod.compare.Rd: nlsList pn.modselect.step.Rd: nlsList posneg.data.Rd: nlme posnegRichards.calls.Rd: nlsList Please provide package anchors for all Rd \link{} targets not in the package itself and the base packages. Flavors: r-devel-linux-x86_64-debian-clang, r-devel-linux-x86_64-debian-gcc, r-devel-windows-x86_64, r-patched-linux-x86_64, r-release-linux-x86_64, r-release-windows-x86_64

Version: 1.5-6
Check: examples
Result: NOTE Examples with CPU (user + system) or elapsed time > 5s user system elapsed SSposnegRichards 5.022 0.001 6.468 Flavor: r-devel-linux-x86_64-debian-gcc