Last updated on 2025-04-28 18:50:09 CEST.
Flavor | Version | Tinstall | Tcheck | Ttotal | Status | Flags |
---|---|---|---|---|---|---|
r-devel-linux-x86_64-debian-clang | 0.2.1 | 3.48 | 62.39 | 65.87 | OK | |
r-devel-linux-x86_64-debian-gcc | 0.2.1 | 2.44 | 48.24 | 50.68 | NOTE | |
r-devel-linux-x86_64-fedora-clang | 0.2.1 | 105.96 | OK | |||
r-devel-linux-x86_64-fedora-gcc | 0.2.1 | 127.26 | OK | |||
r-devel-windows-x86_64 | 0.2.1 | 4.00 | 93.00 | 97.00 | OK | |
r-patched-linux-x86_64 | 0.2.1 | 3.41 | 62.04 | 65.45 | OK | |
r-release-linux-x86_64 | 0.2.1 | 3.25 | 62.48 | 65.73 | OK | |
r-release-macos-arm64 | 0.2.1 | 52.00 | OK | |||
r-release-macos-x86_64 | 0.2.1 | 84.00 | OK | |||
r-release-windows-x86_64 | 0.2.1 | 6.00 | 98.00 | 104.00 | OK | |
r-oldrel-macos-arm64 | 0.2.1 | 42.00 | OK | |||
r-oldrel-macos-x86_64 | 0.2.1 | 63.00 | OK | |||
r-oldrel-windows-x86_64 | 0.2.1 | 4.00 | 108.00 | 112.00 | OK |
Version: 0.2.1
Check: CRAN incoming feasibility
Result: NOTE
Maintainer: ‘Yuan Zhong <aqua.zhong@gmail.com>’
No Authors@R field in DESCRIPTION.
Please add one, modifying
Authors@R: c(person(given = "Xin",
family = "Gao",
role = "aut"),
person(given = "Yuan",
family = "Zhong",
role = c("aut", "cre"),
email = "aqua.zhong@gmail.com"),
person(given = c("Raymond", "J."),
family = "Carroll",
role = "aut"))
as necessary.
The Description field contains
Raymond J. Carroll (2017) <arXiv:1610.00667v1>.
Please refer to arXiv e-prints via their arXiv DOI <doi:10.48550/arXiv.YYMM.NNNNN>.
Flavor: r-devel-linux-x86_64-debian-gcc