Last updated on 2025-04-28 18:50:09 CEST.
Flavor | Version | Tinstall | Tcheck | Ttotal | Status | Flags |
---|---|---|---|---|---|---|
r-devel-linux-x86_64-debian-clang | 0.93 | 1.38 | 16.56 | 17.94 | OK | |
r-devel-linux-x86_64-debian-gcc | 0.93 | 1.21 | 13.55 | 14.76 | NOTE | |
r-devel-linux-x86_64-fedora-clang | 0.93 | 29.01 | OK | |||
r-devel-linux-x86_64-fedora-gcc | 0.93 | 28.72 | OK | |||
r-devel-windows-x86_64 | 0.93 | 2.00 | 43.00 | 45.00 | OK | |
r-patched-linux-x86_64 | 0.93 | 1.50 | 16.53 | 18.03 | OK | |
r-release-linux-x86_64 | 0.93 | 1.38 | 16.72 | 18.10 | OK | |
r-release-macos-arm64 | 0.93 | 16.00 | OK | |||
r-release-macos-x86_64 | 0.93 | 24.00 | OK | |||
r-release-windows-x86_64 | 0.93 | 3.00 | 44.00 | 47.00 | OK | |
r-oldrel-macos-arm64 | 0.93 | 15.00 | OK | |||
r-oldrel-macos-x86_64 | 0.93 | 21.00 | OK | |||
r-oldrel-windows-x86_64 | 0.93 | 2.00 | 43.00 | 45.00 | OK |
Version: 0.93
Check: CRAN incoming feasibility
Result: NOTE
Maintainer: ‘Antony Unwin<unwin@math.uni-augsburg.de>’
No Authors@R field in DESCRIPTION.
Please add one, modifying
Authors@R: person(given = "Antony",
family = "Unwin",
role = c("aut", "cre"),
email = "unwin@math.uni-augsburg.de")
as necessary.
Flavor: r-devel-linux-x86_64-debian-gcc