Last updated on 2025-04-28 18:50:10 CEST.
Flavor | Version | Tinstall | Tcheck | Ttotal | Status | Flags |
---|---|---|---|---|---|---|
r-devel-linux-x86_64-debian-clang | 0.8 | 2.57 | 19.08 | 21.65 | OK | |
r-devel-linux-x86_64-debian-gcc | 0.8 | 1.93 | 16.04 | 17.97 | NOTE | |
r-devel-linux-x86_64-fedora-clang | 0.8 | 33.85 | OK | |||
r-devel-linux-x86_64-fedora-gcc | 0.8 | 33.08 | OK | |||
r-devel-windows-x86_64 | 0.8 | 5.00 | 44.00 | 49.00 | OK | |
r-patched-linux-x86_64 | 0.8 | 2.08 | 18.66 | 20.74 | OK | |
r-release-linux-x86_64 | 0.8 | 2.15 | 18.56 | 20.71 | OK | |
r-release-macos-arm64 | 0.8 | 19.00 | OK | |||
r-release-macos-x86_64 | 0.8 | 44.00 | OK | |||
r-release-windows-x86_64 | 0.8 | 6.00 | 45.00 | 51.00 | OK | |
r-oldrel-macos-arm64 | 0.8 | 20.00 | OK | |||
r-oldrel-macos-x86_64 | 0.8 | 27.00 | OK | |||
r-oldrel-windows-x86_64 | 0.8 | 5.00 | 45.00 | 50.00 | OK |
Version: 0.8
Check: CRAN incoming feasibility
Result: NOTE
Maintainer: ‘Josef Leydold <josef.leydold@wu.ac.at>’
No Authors@R field in DESCRIPTION.
Please add one, modifying
Authors@R: c(person(given = "Josef",
family = "Leydold",
role = c("aut", "cre"),
email = "josef.leydold@wu.ac.at"),
person(given = "Wolfgang",
family = "Hormann",
role = "aut"))
as necessary.
Flavor: r-devel-linux-x86_64-debian-gcc