CRAN Package Check Results for Package HDMAADMM

Last updated on 2025-04-28 18:50:11 CEST.

Flavor Version Tinstall Tcheck Ttotal Status Flags
r-devel-linux-x86_64-debian-clang 0.0.1 43.67 27.59 71.26 OK
r-devel-linux-x86_64-debian-gcc 0.0.1 35.64 26.27 61.91 OK
r-devel-linux-x86_64-fedora-clang 0.0.1 131.39 OK
r-devel-linux-x86_64-fedora-gcc 0.0.1 140.64 OK
r-devel-windows-x86_64 0.0.1 52.00 72.00 124.00 OK
r-patched-linux-x86_64 0.0.1 50.12 31.95 82.07 OK
r-release-linux-x86_64 0.0.1 50.68 31.88 82.56 OK
r-release-macos-arm64 0.0.1 47.00 OK
r-release-macos-x86_64 0.0.1 52.00 OK
r-release-windows-x86_64 0.0.1 52.00 71.00 123.00 OK
r-oldrel-macos-arm64 0.0.1 41.00 NOTE
r-oldrel-macos-x86_64 0.0.1 44.00 NOTE
r-oldrel-windows-x86_64 0.0.1 60.00 83.00 143.00 OK

Check Details

Version: 0.0.1
Check: installed package size
Result: NOTE installed size is 17.0Mb sub-directories of 1Mb or more: libs 16.9Mb Flavors: r-oldrel-macos-arm64, r-oldrel-macos-x86_64