Last updated on 2025-04-28 18:50:11 CEST.
Flavor | Version | Tinstall | Tcheck | Ttotal | Status | Flags |
---|---|---|---|---|---|---|
r-devel-linux-x86_64-debian-clang | 1.2 | 4.24 | 54.95 | 59.19 | OK | |
r-devel-linux-x86_64-debian-gcc | 1.2 | 3.64 | 37.25 | 40.89 | NOTE | |
r-devel-linux-x86_64-fedora-clang | 1.2 | 92.04 | OK | |||
r-devel-linux-x86_64-fedora-gcc | 1.2 | 86.52 | OK | |||
r-devel-windows-x86_64 | 1.2 | 7.00 | 81.00 | 88.00 | OK | |
r-patched-linux-x86_64 | 1.2 | 4.36 | 46.89 | 51.25 | OK | |
r-release-linux-x86_64 | 1.2 | 4.69 | 46.88 | 51.57 | OK | |
r-release-macos-arm64 | 1.2 | 45.00 | OK | |||
r-release-macos-x86_64 | 1.2 | 63.00 | OK | |||
r-release-windows-x86_64 | 1.2 | 9.00 | 81.00 | 90.00 | OK | |
r-oldrel-macos-arm64 | 1.2 | 37.00 | OK | |||
r-oldrel-macos-x86_64 | 1.2 | 51.00 | OK | |||
r-oldrel-windows-x86_64 | 1.2 | 7.00 | 83.00 | 90.00 | OK |
Version: 1.2
Check: CRAN incoming feasibility
Result: NOTE
Maintainer: ‘Wei Qian <weiqian@stat.umn.edu>’
No Authors@R field in DESCRIPTION.
Please add one, modifying
Authors@R: c(person(given = "Wei",
family = "Qian",
role = c("aut", "cre"),
email = "weiqian@stat.umn.edu"),
person(given = "Yi",
family = "Yang",
role = "aut",
email = "yiyang@umn.edu"),
person(given = "Hui",
family = "Zou",
role = "aut",
email = "hzou@stat.umn.edu"))
as necessary.
Flavor: r-devel-linux-x86_64-debian-gcc